{"id":6273,"date":"2018-02-26T13:33:51","date_gmt":"2018-02-26T13:33:51","guid":{"rendered":"http:\/\/laplumedeloiseaulyre.com\/?page_id=6273"},"modified":"2018-02-26T13:33:51","modified_gmt":"2018-02-26T13:33:51","slug":"argan-argania-spinosa","status":"publish","type":"page","link":"http:\/\/laplumedeloiseaulyre.com\/?page_id=6273","title":{"rendered":"ARGAN  Argania spinosa"},"content":{"rendered":"<p>Cruel Argan vous ne m&rsquo;avez pas r\u00e9pondu !<br \/>\n\u00c0 la harpe s&rsquo;est rompue la corde d\u2019entrailles,<br \/>\nL\u2019huile et l\u2019ambre inutiles se sont r\u00e9pandus<br \/>\nA\u00efda languit dans sa chair sans \u00e9pousailles.<\/p>\n","protected":false},"excerpt":{"rendered":"<p>Cruel Argan vous ne m&rsquo;avez pas r\u00e9pondu ! \u00c0 la harpe s&rsquo;est rompue la corde d\u2019entrailles, L\u2019huile et l\u2019ambre inutiles se sont r\u00e9pandus A\u00efda languit dans sa chair sans \u00e9pousailles.<\/p>\n<p class=\"more-link-p\"><a class=\"more-link\" href=\"http:\/\/laplumedeloiseaulyre.com\/?page_id=6273\">Read more &rarr;<\/a><\/p>\n","protected":false},"author":1,"featured_media":0,"parent":0,"menu_order":0,"comment_status":"closed","ping_status":"closed","template":"","meta":{"spay_email":""},"jetpack_shortlink":"https:\/\/wp.me\/P4lzfC-1Db","_links":{"self":[{"href":"http:\/\/laplumedeloiseaulyre.com\/index.php?rest_route=\/wp\/v2\/pages\/6273"}],"collection":[{"href":"http:\/\/laplumedeloiseaulyre.com\/index.php?rest_route=\/wp\/v2\/pages"}],"about":[{"href":"http:\/\/laplumedeloiseaulyre.com\/index.php?rest_route=\/wp\/v2\/types\/page"}],"author":[{"embeddable":true,"href":"http:\/\/laplumedeloiseaulyre.com\/index.php?rest_route=\/wp\/v2\/users\/1"}],"replies":[{"embeddable":true,"href":"http:\/\/laplumedeloiseaulyre.com\/index.php?rest_route=%2Fwp%2Fv2%2Fcomments&post=6273"}],"version-history":[{"count":1,"href":"http:\/\/laplumedeloiseaulyre.com\/index.php?rest_route=\/wp\/v2\/pages\/6273\/revisions"}],"predecessor-version":[{"id":6274,"href":"http:\/\/laplumedeloiseaulyre.com\/index.php?rest_route=\/wp\/v2\/pages\/6273\/revisions\/6274"}],"wp:attachment":[{"href":"http:\/\/laplumedeloiseaulyre.com\/index.php?rest_route=%2Fwp%2Fv2%2Fmedia&parent=6273"}],"curies":[{"name":"wp","href":"https:\/\/api.w.org\/{rel}","templated":true}]}}