{"id":6267,"date":"2018-02-26T13:27:32","date_gmt":"2018-02-26T13:27:32","guid":{"rendered":"http:\/\/laplumedeloiseaulyre.com\/?page_id=6267"},"modified":"2018-02-26T13:27:32","modified_gmt":"2018-02-26T13:27:32","slug":"arbousier-arbutus-unedo","status":"publish","type":"page","link":"http:\/\/laplumedeloiseaulyre.com\/?page_id=6267","title":{"rendered":"ARBOUSIER Arbutus unedo"},"content":{"rendered":"<p>Perdre et poss\u00e9der voil\u00e0 ton fardeau,<br \/>\nArbousier pyrophile qui supporte<br \/>\nAvec patience et furie les fl\u00e9aux,<br \/>\nL\u2019air de thermidor qui frappe \u00e0 ta porte.<\/p>\n","protected":false},"excerpt":{"rendered":"<p>Perdre et poss\u00e9der voil\u00e0 ton fardeau, Arbousier pyrophile qui supporte Avec patience et furie les fl\u00e9aux, L\u2019air de thermidor qui frappe \u00e0 ta porte.<\/p>\n<p class=\"more-link-p\"><a class=\"more-link\" href=\"http:\/\/laplumedeloiseaulyre.com\/?page_id=6267\">Read more &rarr;<\/a><\/p>\n","protected":false},"author":1,"featured_media":0,"parent":0,"menu_order":0,"comment_status":"closed","ping_status":"closed","template":"","meta":{"spay_email":""},"jetpack_shortlink":"https:\/\/wp.me\/P4lzfC-1D5","_links":{"self":[{"href":"http:\/\/laplumedeloiseaulyre.com\/index.php?rest_route=\/wp\/v2\/pages\/6267"}],"collection":[{"href":"http:\/\/laplumedeloiseaulyre.com\/index.php?rest_route=\/wp\/v2\/pages"}],"about":[{"href":"http:\/\/laplumedeloiseaulyre.com\/index.php?rest_route=\/wp\/v2\/types\/page"}],"author":[{"embeddable":true,"href":"http:\/\/laplumedeloiseaulyre.com\/index.php?rest_route=\/wp\/v2\/users\/1"}],"replies":[{"embeddable":true,"href":"http:\/\/laplumedeloiseaulyre.com\/index.php?rest_route=%2Fwp%2Fv2%2Fcomments&post=6267"}],"version-history":[{"count":1,"href":"http:\/\/laplumedeloiseaulyre.com\/index.php?rest_route=\/wp\/v2\/pages\/6267\/revisions"}],"predecessor-version":[{"id":6268,"href":"http:\/\/laplumedeloiseaulyre.com\/index.php?rest_route=\/wp\/v2\/pages\/6267\/revisions\/6268"}],"wp:attachment":[{"href":"http:\/\/laplumedeloiseaulyre.com\/index.php?rest_route=%2Fwp%2Fv2%2Fmedia&parent=6267"}],"curies":[{"name":"wp","href":"https:\/\/api.w.org\/{rel}","templated":true}]}}