{"id":6230,"date":"2018-02-26T12:45:04","date_gmt":"2018-02-26T12:45:04","guid":{"rendered":"http:\/\/laplumedeloiseaulyre.com\/?page_id=6230"},"modified":"2018-02-26T12:45:04","modified_gmt":"2018-02-26T12:45:04","slug":"ananas-ananas-comosus","status":"publish","type":"page","link":"http:\/\/laplumedeloiseaulyre.com\/?page_id=6230","title":{"rendered":"ANANAS Ananas comosus"},"content":{"rendered":"<p>L\u2019Ananas est un conjoint \u00e0 la main habile<br \/>\nMontrant visage piquant et suc attrayant,<br \/>\nIci mari rugueux, l\u00e0 \u00e9poux complaisant,<br \/>\nEn rude bouclier, en rondelles labiles.<\/p>\n","protected":false},"excerpt":{"rendered":"<p>L\u2019Ananas est un conjoint \u00e0 la main habile Montrant visage piquant et suc attrayant, Ici mari rugueux, l\u00e0 \u00e9poux complaisant, En rude bouclier, en rondelles labiles.<\/p>\n<p class=\"more-link-p\"><a class=\"more-link\" href=\"http:\/\/laplumedeloiseaulyre.com\/?page_id=6230\">Read more &rarr;<\/a><\/p>\n","protected":false},"author":1,"featured_media":0,"parent":0,"menu_order":0,"comment_status":"closed","ping_status":"closed","template":"","meta":{"spay_email":""},"jetpack_shortlink":"https:\/\/wp.me\/P4lzfC-1Cu","_links":{"self":[{"href":"http:\/\/laplumedeloiseaulyre.com\/index.php?rest_route=\/wp\/v2\/pages\/6230"}],"collection":[{"href":"http:\/\/laplumedeloiseaulyre.com\/index.php?rest_route=\/wp\/v2\/pages"}],"about":[{"href":"http:\/\/laplumedeloiseaulyre.com\/index.php?rest_route=\/wp\/v2\/types\/page"}],"author":[{"embeddable":true,"href":"http:\/\/laplumedeloiseaulyre.com\/index.php?rest_route=\/wp\/v2\/users\/1"}],"replies":[{"embeddable":true,"href":"http:\/\/laplumedeloiseaulyre.com\/index.php?rest_route=%2Fwp%2Fv2%2Fcomments&post=6230"}],"version-history":[{"count":1,"href":"http:\/\/laplumedeloiseaulyre.com\/index.php?rest_route=\/wp\/v2\/pages\/6230\/revisions"}],"predecessor-version":[{"id":6231,"href":"http:\/\/laplumedeloiseaulyre.com\/index.php?rest_route=\/wp\/v2\/pages\/6230\/revisions\/6231"}],"wp:attachment":[{"href":"http:\/\/laplumedeloiseaulyre.com\/index.php?rest_route=%2Fwp%2Fv2%2Fmedia&parent=6230"}],"curies":[{"name":"wp","href":"https:\/\/api.w.org\/{rel}","templated":true}]}}