{"id":6228,"date":"2018-02-26T12:42:42","date_gmt":"2018-02-26T12:42:42","guid":{"rendered":"http:\/\/laplumedeloiseaulyre.com\/?page_id=6228"},"modified":"2018-02-26T12:42:42","modified_gmt":"2018-02-26T12:42:42","slug":"amelanchier-amelanchier-ovalis","status":"publish","type":"page","link":"http:\/\/laplumedeloiseaulyre.com\/?page_id=6228","title":{"rendered":"AM\u00c9LANCHIER  Amelanchier ovalis"},"content":{"rendered":"<p>Arr\u00eate-toi pr\u00e8s de l&rsquo;Am\u00e9lanchier<br \/>\nPour \u00e9couter son secret d&rsquo;artisan,<br \/>\nTabellion au diapason argent\u00e9<br \/>\nSi honn\u00eate intellectuellement.<\/p>\n","protected":false},"excerpt":{"rendered":"<p>Arr\u00eate-toi pr\u00e8s de l&rsquo;Am\u00e9lanchier Pour \u00e9couter son secret d&rsquo;artisan, Tabellion au diapason argent\u00e9 Si honn\u00eate intellectuellement.<\/p>\n<p class=\"more-link-p\"><a class=\"more-link\" href=\"http:\/\/laplumedeloiseaulyre.com\/?page_id=6228\">Read more &rarr;<\/a><\/p>\n","protected":false},"author":1,"featured_media":0,"parent":0,"menu_order":0,"comment_status":"closed","ping_status":"closed","template":"","meta":{"spay_email":""},"jetpack_shortlink":"https:\/\/wp.me\/P4lzfC-1Cs","_links":{"self":[{"href":"http:\/\/laplumedeloiseaulyre.com\/index.php?rest_route=\/wp\/v2\/pages\/6228"}],"collection":[{"href":"http:\/\/laplumedeloiseaulyre.com\/index.php?rest_route=\/wp\/v2\/pages"}],"about":[{"href":"http:\/\/laplumedeloiseaulyre.com\/index.php?rest_route=\/wp\/v2\/types\/page"}],"author":[{"embeddable":true,"href":"http:\/\/laplumedeloiseaulyre.com\/index.php?rest_route=\/wp\/v2\/users\/1"}],"replies":[{"embeddable":true,"href":"http:\/\/laplumedeloiseaulyre.com\/index.php?rest_route=%2Fwp%2Fv2%2Fcomments&post=6228"}],"version-history":[{"count":1,"href":"http:\/\/laplumedeloiseaulyre.com\/index.php?rest_route=\/wp\/v2\/pages\/6228\/revisions"}],"predecessor-version":[{"id":6229,"href":"http:\/\/laplumedeloiseaulyre.com\/index.php?rest_route=\/wp\/v2\/pages\/6228\/revisions\/6229"}],"wp:attachment":[{"href":"http:\/\/laplumedeloiseaulyre.com\/index.php?rest_route=%2Fwp%2Fv2%2Fmedia&parent=6228"}],"curies":[{"name":"wp","href":"https:\/\/api.w.org\/{rel}","templated":true}]}}