{"id":6193,"date":"2018-02-26T11:40:50","date_gmt":"2018-02-26T11:40:50","guid":{"rendered":"http:\/\/laplumedeloiseaulyre.com\/?page_id=6193"},"modified":"2022-01-21T01:34:54","modified_gmt":"2022-01-21T01:34:54","slug":"alisier-sorbus-torminalis","status":"publish","type":"page","link":"http:\/\/laplumedeloiseaulyre.com\/?page_id=6193","title":{"rendered":"ALISIER  Sorbus torminalis"},"content":{"rendered":"<p>Puisqu\u2019il faut arracher du verger foudroy\u00e9<br \/>\nL\u2019Alisier devenu bien trop envahissant,<br \/>\nD\u00e9racinez, sarclez, extirpez s\u00e8ve et sang,<br \/>\nAbattez son tronc comme on absout un p\u00e9ch\u00e9.<\/p>\n","protected":false},"excerpt":{"rendered":"<p>Puisqu\u2019il faut arracher du verger foudroy\u00e9 L\u2019Alisier devenu bien trop envahissant, D\u00e9racinez, sarclez, extirpez s\u00e8ve et sang, Abattez son tronc comme on absout un p\u00e9ch\u00e9.<\/p>\n<p class=\"more-link-p\"><a class=\"more-link\" href=\"http:\/\/laplumedeloiseaulyre.com\/?page_id=6193\">Read more &rarr;<\/a><\/p>\n","protected":false},"author":1,"featured_media":0,"parent":0,"menu_order":0,"comment_status":"closed","ping_status":"closed","template":"","meta":{"spay_email":""},"jetpack_shortlink":"https:\/\/wp.me\/P4lzfC-1BT","_links":{"self":[{"href":"http:\/\/laplumedeloiseaulyre.com\/index.php?rest_route=\/wp\/v2\/pages\/6193"}],"collection":[{"href":"http:\/\/laplumedeloiseaulyre.com\/index.php?rest_route=\/wp\/v2\/pages"}],"about":[{"href":"http:\/\/laplumedeloiseaulyre.com\/index.php?rest_route=\/wp\/v2\/types\/page"}],"author":[{"embeddable":true,"href":"http:\/\/laplumedeloiseaulyre.com\/index.php?rest_route=\/wp\/v2\/users\/1"}],"replies":[{"embeddable":true,"href":"http:\/\/laplumedeloiseaulyre.com\/index.php?rest_route=%2Fwp%2Fv2%2Fcomments&post=6193"}],"version-history":[{"count":2,"href":"http:\/\/laplumedeloiseaulyre.com\/index.php?rest_route=\/wp\/v2\/pages\/6193\/revisions"}],"predecessor-version":[{"id":13439,"href":"http:\/\/laplumedeloiseaulyre.com\/index.php?rest_route=\/wp\/v2\/pages\/6193\/revisions\/13439"}],"wp:attachment":[{"href":"http:\/\/laplumedeloiseaulyre.com\/index.php?rest_route=%2Fwp%2Fv2%2Fmedia&parent=6193"}],"curies":[{"name":"wp","href":"https:\/\/api.w.org\/{rel}","templated":true}]}}