{"id":6133,"date":"2018-02-26T10:40:56","date_gmt":"2018-02-26T10:40:56","guid":{"rendered":"http:\/\/laplumedeloiseaulyre.com\/?page_id=6133"},"modified":"2022-01-21T02:01:02","modified_gmt":"2022-01-21T02:01:02","slug":"aconit-napel-aconitum-napellus","status":"publish","type":"page","link":"http:\/\/laplumedeloiseaulyre.com\/?page_id=6133","title":{"rendered":"ACONIT NAPEL  Aconitum napellus"},"content":{"rendered":"<p>Tous les dards en poison de l\u2019Aconit<br \/>\nSe sont fich\u00e9s dans mon c\u0153ur sans \u00e9poux<br \/>\nQui bien malgr\u00e9 moi r\u00e9sonne et redit\u00a0:<br \/>\n\u00ab\u00a0Pensez-vous \u00e0 moi quand je pense \u00e0 vous\u00a0?\u00a0\u00bb<\/p>\n","protected":false},"excerpt":{"rendered":"<p>Tous les dards en poison de l\u2019Aconit Se sont fich\u00e9s dans mon c\u0153ur sans \u00e9poux Qui bien malgr\u00e9 moi r\u00e9sonne et redit\u00a0: \u00ab\u00a0Pensez-vous \u00e0 moi quand je pense \u00e0 vous\u00a0?\u00a0\u00bb<\/p>\n<p class=\"more-link-p\"><a class=\"more-link\" href=\"http:\/\/laplumedeloiseaulyre.com\/?page_id=6133\">Read more &rarr;<\/a><\/p>\n","protected":false},"author":1,"featured_media":0,"parent":0,"menu_order":0,"comment_status":"closed","ping_status":"closed","template":"","meta":{"spay_email":""},"jetpack_shortlink":"https:\/\/wp.me\/P4lzfC-1AV","_links":{"self":[{"href":"http:\/\/laplumedeloiseaulyre.com\/index.php?rest_route=\/wp\/v2\/pages\/6133"}],"collection":[{"href":"http:\/\/laplumedeloiseaulyre.com\/index.php?rest_route=\/wp\/v2\/pages"}],"about":[{"href":"http:\/\/laplumedeloiseaulyre.com\/index.php?rest_route=\/wp\/v2\/types\/page"}],"author":[{"embeddable":true,"href":"http:\/\/laplumedeloiseaulyre.com\/index.php?rest_route=\/wp\/v2\/users\/1"}],"replies":[{"embeddable":true,"href":"http:\/\/laplumedeloiseaulyre.com\/index.php?rest_route=%2Fwp%2Fv2%2Fcomments&post=6133"}],"version-history":[{"count":2,"href":"http:\/\/laplumedeloiseaulyre.com\/index.php?rest_route=\/wp\/v2\/pages\/6133\/revisions"}],"predecessor-version":[{"id":13446,"href":"http:\/\/laplumedeloiseaulyre.com\/index.php?rest_route=\/wp\/v2\/pages\/6133\/revisions\/13446"}],"wp:attachment":[{"href":"http:\/\/laplumedeloiseaulyre.com\/index.php?rest_route=%2Fwp%2Fv2%2Fmedia&parent=6133"}],"curies":[{"name":"wp","href":"https:\/\/api.w.org\/{rel}","templated":true}]}}