{"id":6124,"date":"2018-02-26T10:29:18","date_gmt":"2018-02-26T10:29:18","guid":{"rendered":"http:\/\/laplumedeloiseaulyre.com\/?page_id=6124"},"modified":"2022-01-21T00:38:20","modified_gmt":"2022-01-21T00:38:20","slug":"acajou-swietenia-macrophylla","status":"publish","type":"page","link":"http:\/\/laplumedeloiseaulyre.com\/?page_id=6124","title":{"rendered":"ACAJOU D&rsquo;AM\u00c9RIQUE Swietenia macrophylla"},"content":{"rendered":"<p>Partons envo\u00fbter les riches silences<br \/>\nDu bois d\u2019Acajou du lit g\u00e9min\u00e9<br \/>\nM\u00e9langeons \u00e0 son essence nos sens,<br \/>\nM\u00ealons nos joues \u00e0 son obscurit\u00e9 !<\/p>\n","protected":false},"excerpt":{"rendered":"<p>Partons envo\u00fbter les riches silences Du bois d\u2019Acajou du lit g\u00e9min\u00e9 M\u00e9langeons \u00e0 son essence nos sens, M\u00ealons nos joues \u00e0 son obscurit\u00e9 !<\/p>\n<p class=\"more-link-p\"><a class=\"more-link\" href=\"http:\/\/laplumedeloiseaulyre.com\/?page_id=6124\">Read more &rarr;<\/a><\/p>\n","protected":false},"author":1,"featured_media":0,"parent":0,"menu_order":0,"comment_status":"closed","ping_status":"closed","template":"","meta":{"spay_email":""},"jetpack_shortlink":"https:\/\/wp.me\/P4lzfC-1AM","_links":{"self":[{"href":"http:\/\/laplumedeloiseaulyre.com\/index.php?rest_route=\/wp\/v2\/pages\/6124"}],"collection":[{"href":"http:\/\/laplumedeloiseaulyre.com\/index.php?rest_route=\/wp\/v2\/pages"}],"about":[{"href":"http:\/\/laplumedeloiseaulyre.com\/index.php?rest_route=\/wp\/v2\/types\/page"}],"author":[{"embeddable":true,"href":"http:\/\/laplumedeloiseaulyre.com\/index.php?rest_route=\/wp\/v2\/users\/1"}],"replies":[{"embeddable":true,"href":"http:\/\/laplumedeloiseaulyre.com\/index.php?rest_route=%2Fwp%2Fv2%2Fcomments&post=6124"}],"version-history":[{"count":3,"href":"http:\/\/laplumedeloiseaulyre.com\/index.php?rest_route=\/wp\/v2\/pages\/6124\/revisions"}],"predecessor-version":[{"id":13426,"href":"http:\/\/laplumedeloiseaulyre.com\/index.php?rest_route=\/wp\/v2\/pages\/6124\/revisions\/13426"}],"wp:attachment":[{"href":"http:\/\/laplumedeloiseaulyre.com\/index.php?rest_route=%2Fwp%2Fv2%2Fmedia&parent=6124"}],"curies":[{"name":"wp","href":"https:\/\/api.w.org\/{rel}","templated":true}]}}