{"id":16134,"date":"2024-11-16T21:21:37","date_gmt":"2024-11-16T21:21:37","guid":{"rendered":"http:\/\/laplumedeloiseaulyre.com\/?page_id=16134"},"modified":"2026-03-09T23:01:59","modified_gmt":"2026-03-09T23:01:59","slug":"la-perle-gabrielle-de-lassus-saint-genies-poesie","status":"publish","type":"page","link":"http:\/\/laplumedeloiseaulyre.com\/?page_id=16134","title":{"rendered":"La Perle  \u2013 Gabrielle de Lassus Saint-Geni\u00e8s \u2013 Po\u00e9sie"},"content":{"rendered":"\n<p>J\u2019ai retrouv\u00e9 cette nuit mon corps de po\u00e8te,<br>La perle subtile dans le r\u00e9cif du monde,<br>J\u2019ai trouv\u00e9 la clart\u00e9 sainte aux rives parfaites,<br>Celle que j\u2019avais \u00e9gar\u00e9e au fond de l\u2019onde.<\/p>\n\n\n\n<p>Elle m\u2019est apparue quand je l\u2019ai oubli\u00e9e,<br>Cette larme plus rare qu\u2019un monde sans mer,&nbsp;<br>Je l\u2019avais laiss\u00e9e sur les sables \u00e9boul\u00e9s,<br>Cette perle pour laquelle un roi vend sa terre.&nbsp;<\/p>\n\n\n\n<p>J\u2019ai retrouv\u00e9 cette nuit le don du po\u00e8me,<br>La nacre du verbe, la force du langage,<br>J\u2019avais perdu les liaisons, les phrases, les th\u00e8mes,<br>La charge des mots, l\u2019inutilit\u00e9 des \u00e2ges.&nbsp;<\/p>\n\n\n\n<p>D\u00e8s lors, me voil\u00e0 ma\u00eetresse de mon royaume,<br>Des lauriers d\u2019\u00e9toiles reforment ma personne,<br>J\u2019ai retrouv\u00e9 cette nuit la valeur du Psaume,<br>La perle pour laquelle un roi vend sa couronne.&nbsp;<\/p>\n\n\n\n<p><strong>\u00a9GLSG, 2024<\/strong><\/p>\n","protected":false},"excerpt":{"rendered":"<p>J\u2019ai retrouv\u00e9 cette nuit mon corps de po\u00e8te,La perle subtile dans le r\u00e9cif du monde,J\u2019ai trouv\u00e9 la clart\u00e9 sainte aux rives parfaites,Celle que j\u2019avais \u00e9gar\u00e9e au fond de l\u2019onde. Elle m\u2019est apparue quand je l\u2019ai oubli\u00e9e,Cette larme plus rare qu\u2019un&hellip;<\/p>\n<p class=\"more-link-p\"><a class=\"more-link\" href=\"http:\/\/laplumedeloiseaulyre.com\/?page_id=16134\">Read more &rarr;<\/a><\/p>\n","protected":false},"author":1,"featured_media":0,"parent":0,"menu_order":0,"comment_status":"closed","ping_status":"closed","template":"","meta":{"spay_email":""},"jetpack_shortlink":"https:\/\/wp.me\/P4lzfC-4ce","_links":{"self":[{"href":"http:\/\/laplumedeloiseaulyre.com\/index.php?rest_route=\/wp\/v2\/pages\/16134"}],"collection":[{"href":"http:\/\/laplumedeloiseaulyre.com\/index.php?rest_route=\/wp\/v2\/pages"}],"about":[{"href":"http:\/\/laplumedeloiseaulyre.com\/index.php?rest_route=\/wp\/v2\/types\/page"}],"author":[{"embeddable":true,"href":"http:\/\/laplumedeloiseaulyre.com\/index.php?rest_route=\/wp\/v2\/users\/1"}],"replies":[{"embeddable":true,"href":"http:\/\/laplumedeloiseaulyre.com\/index.php?rest_route=%2Fwp%2Fv2%2Fcomments&post=16134"}],"version-history":[{"count":2,"href":"http:\/\/laplumedeloiseaulyre.com\/index.php?rest_route=\/wp\/v2\/pages\/16134\/revisions"}],"predecessor-version":[{"id":17388,"href":"http:\/\/laplumedeloiseaulyre.com\/index.php?rest_route=\/wp\/v2\/pages\/16134\/revisions\/17388"}],"wp:attachment":[{"href":"http:\/\/laplumedeloiseaulyre.com\/index.php?rest_route=%2Fwp%2Fv2%2Fmedia&parent=16134"}],"curies":[{"name":"wp","href":"https:\/\/api.w.org\/{rel}","templated":true}]}}