{"id":15670,"date":"2024-06-03T22:59:26","date_gmt":"2024-06-03T22:59:26","guid":{"rendered":"http:\/\/laplumedeloiseaulyre.com\/?page_id=15670"},"modified":"2025-06-22T00:27:28","modified_gmt":"2025-06-22T00:27:28","slug":"ecouter-lenfant-jesus-avec-le-peintre-gabriel-tyr","status":"publish","type":"page","link":"http:\/\/laplumedeloiseaulyre.com\/?page_id=15670","title":{"rendered":"\u00c9couter l\u2019Enfant-J\u00e9sus (un tableau de Gabriel Tyr)"},"content":{"rendered":"\n<div class=\"wp-block-image\"><figure class=\"aligncenter size-large\"><img loading=\"lazy\" width=\"741\" height=\"1024\" src=\"https:\/\/i0.wp.com\/laplumedeloiseaulyre.com\/wp-content\/uploads\/2025\/01\/Gabriel_Tyr._Le_Christ_enfant_instruisant._1850.jpg?resize=741%2C1024\" alt=\"\" class=\"wp-image-16186\" srcset=\"https:\/\/i0.wp.com\/laplumedeloiseaulyre.com\/wp-content\/uploads\/2025\/01\/Gabriel_Tyr._Le_Christ_enfant_instruisant._1850.jpg?resize=741%2C1024 741w, https:\/\/i0.wp.com\/laplumedeloiseaulyre.com\/wp-content\/uploads\/2025\/01\/Gabriel_Tyr._Le_Christ_enfant_instruisant._1850.jpg?resize=217%2C300 217w, https:\/\/i0.wp.com\/laplumedeloiseaulyre.com\/wp-content\/uploads\/2025\/01\/Gabriel_Tyr._Le_Christ_enfant_instruisant._1850.jpg?resize=768%2C1061 768w, https:\/\/i0.wp.com\/laplumedeloiseaulyre.com\/wp-content\/uploads\/2025\/01\/Gabriel_Tyr._Le_Christ_enfant_instruisant._1850.jpg?resize=560%2C774 560w, https:\/\/i0.wp.com\/laplumedeloiseaulyre.com\/wp-content\/uploads\/2025\/01\/Gabriel_Tyr._Le_Christ_enfant_instruisant._1850.jpg?resize=160%2C221 160w, https:\/\/i0.wp.com\/laplumedeloiseaulyre.com\/wp-content\/uploads\/2025\/01\/Gabriel_Tyr._Le_Christ_enfant_instruisant._1850.jpg?w=868 868w\" sizes=\"(max-width: 741px) 100vw, 741px\" data-recalc-dims=\"1\" \/><figcaption><strong>Gabriel Tyr (1817-1868), <em>Le Christ enfant instruisant l\u2019Ancien et le Nouveau Testament<\/em><\/strong>, 1850, huile et or sur toile, 104&#215;68 cm \u00a9Puy-en-Velay, mus\u00e9e Crozatier&nbsp;<\/figcaption><\/figure><\/div>\n\n\n\n<figure class=\"wp-block-pullquote\"><blockquote><p><em>Comme est grave le visage de l\u2019Enfant-J\u00e9sus ! Il semble adulte dans le corps d\u2019un enfant. L\u2019\u0153uvre du peintre Gabriel Tyr invite \u00e0 entrer dans l\u2019intimit\u00e9 de la personne du Fils qui ne vient pas abolir mais accomplir la Loi avec l\u2019esprit des<\/em> <em>\u00ab tout-petits \u00bb comme cette image didactique le montre explicitement.\u00a0<\/em><\/p><\/blockquote><\/figure>\n\n\n\n<p>Ce tableau est une le\u00e7on de cat\u00e9chisme en une seule vision ! Tout d\u2019abord nous sommes attir\u00e9s par la phrase en latin inscrite sur le cadre en lettres d\u2019or : <em>Beati qui Verbum audiunt<\/em> qui fait directement r\u00e9f\u00e9rence \u00e0 la phrase de l\u2019Apocalypse : \u00ab Heureux celui qui lit et ceux qui entendent les paroles de la proph\u00e9tie, et qui gardent les choses qui y sont \u00e9crites ! Car le Temps est proche \u00bb (Apoc 1,3). Elle \u00e9voque aussi bien s\u00fbr la parole du Christ dans l\u2019\u00e9vangile de Luc : \u00ab Heureux plut\u00f4t ceux qui \u00e9coutent la parole de Dieu, et qui la gardent ! \u00bb (Luc 11,28). <strong>L\u2019Enfant-J\u00e9sus qui nous fait face semble avoir tout juste prononc\u00e9 cette parole et reste d\u00e9sormais silencieux, laissant \u00e0 notre libert\u00e9 le soin de la voir et de l\u2019int\u00e9rioriser.<\/strong> <\/p>\n\n\n\n<p>Pour les traits de l\u2019Enfant, Gabriel Tyr s\u2019est inspir\u00e9 directement de son fils Hector-Gabriel n\u00e9 en 1841, qu\u2019il repr\u00e9sente frontalement, les yeux bleus, les cheveux blonds s\u00e9par\u00e9s par une raie centrale. L\u2019attitude de la figure et l\u2019expression du visage que souligne une riche aur\u00e9ole dor\u00e9e, rappellent le hi\u00e9ratisme byzantin.<strong> Il l\u00e8ve le doigt vers le ciel, ce qui peut \u00eatre vu comme un signe de b\u00e9n\u00e9diction mais \u00e9galement un symbole d\u2019enseignement comme l\u2019explicite le titre de l\u2019\u0153uvre car il s\u2019agit bien ici d\u2019un \u00ab Christ instruisant \u00bb. <\/strong>L\u2019index orient\u00e9 invite l\u2019\u00e2me et le c\u0153ur \u00e0 s\u2019\u00e9lever vers les r\u00e9alit\u00e9s invisibles. \u00c0 l\u2019arri\u00e8re-plan, deux larges tables de la loi en pierre, pos\u00e9es sur une tenture de satin vert d\u2019eau, exposent les dix commandements en lettres latines grav\u00e9es, faisant \u00e9cho \u00e0 la citation du cadre mais aussi au livre que l\u2019Enfant tient dans sa main gauche et qui porte pour titre <em>Prophetae<\/em>, c\u2019est-\u00e0-dire les \u00ab Proph\u00e8tes \u00bb.<strong> La sobri\u00e9t\u00e9 de l\u2019image contraste avec le cadre richement d\u00e9cor\u00e9 d\u2019entrelacs de ch\u00eane et d\u2019olivier qui symbolisent la force et la paix.&nbsp;<\/strong><\/p>\n\n\n\n<p>Il est rare de voir des enfants enseigner, la Sagesse semble habituellement \u00eatre l\u2019apanage des adultes et des vieillards ! Le R\u00e8gne du Christ instaure un nouvel ordre qui bouleverse le temps en donnant \u00e0 un Enfant Saint le pouvoir de dire et d\u2019\u00eatre la V\u00e9rit\u00e9. <strong>Le Verbe s\u2019est fait chair dans l\u2019enfance et l\u2019a sanctifi\u00e9e \u00e0 jamais ce qui donne au christianisme la grande force d\u2019\u00eatre la premi\u00e8re religion qui s\u2019adresse aux \u00ab tout-petits \u00bb en leur donnant une dignit\u00e9 unique.<\/strong> Comment ne pas penser \u00e9galement \u00e0 cette parole de J\u00e9sus face aux disciples cherchant \u00e0 \u00e9carter les enfants de leur cercle : \u00ab Laissez les petits enfants et ne les emp\u00eachez pas de venir \u00e0 moi ; car c\u2019est \u00e0 leurs pareils qu\u2019appartient le Royaume des Cieux \u00bb (Matt 19.14) ?&nbsp; <\/p>\n\n\n\n<p>Dans cette peinture, l\u2019artiste Gabriel Tyr pr\u00e9sente avec originalit\u00e9 le Christ en authentique&nbsp;\u00ab&nbsp;Docteur de la Loi&nbsp;\u00bb loin de l\u2019iconographie traditionnelle de l\u2019Enfant de douze ans retrouv\u00e9 par ses parents au Temple de J\u00e9rusalem au profit d\u2019un portrait \u00e0 mi-corps d\u00e9gag\u00e9 de toute autre personnage. Le Christ regarde le spectateur droit dans les yeux presque comme dans le proc\u00e9d\u00e9 des ic\u00f4nes orientales. <strong>Il appara\u00eet ici lui-m\u00eame comme \u00ab chair centrale \u00bb des commandements en vertu de l\u2019Incarnation pr\u00e9dite par les Proph\u00e8tes<\/strong>. Le jeune Sauveur accomplit l\u2019Ancien Testament car Il est Lui-m\u00eame le Nouveau Testament en son Verbe et en sa Personne. Son regard grave et sa bouche close invitent au respect, \u00e0 l\u2019\u00e9coute et \u00e0 la contemplation. Sa tunique d\u2019un blanc immacul\u00e9 symbolise sa puret\u00e9, son manteau bleu azur\u00e9en \u00e9voque le Ciel et sa robe rouge annonce le sang qu\u2019il versera comme Agneau immol\u00e9 sur le bois de la croix et sur chaque autel o\u00f9 la messe est dite (les plis plats de son v\u00eatement blanc ne sont d\u2019ailleurs pas sans rappeler indirectement l\u2019aspect du linge eucharistique).&nbsp;<\/p>\n\n\n\n<p>D\u2019un point de vue stylistique, l\u2019on observe que Gabriel Tyr (1817-1868), peintre de l\u2019\u00e9cole lyonnaise et \u00e9l\u00e8ve de Victor Orsel (1795-1850) s\u2019inscrit pleinement dans l\u2019ingrisme et le mouvement nazar\u00e9en du milieu du XIX<sup>e<\/sup> si\u00e8cle. Il choisit un sujet pieux avec des contours d\u00e9licats, des formes \u00e9pur\u00e9es et des couleurs proches de la fresque bien que ce soit une peinture \u00e0 l\u2019huile.<strong> L\u2019\u0153uvre que l\u2019artiste expose au Salon de 1850 \u00e0 Paris se veut didactique, p\u00e9dagogique en invitant celui qui le regarde \u00e0 m\u00e9diter sur l\u2019esprit d\u2019enfance.<\/strong> Cet Enfant-J\u00e9sus nous redit surtout qu\u2019aucun respect de la loi n\u2019est s\u00e9rieux s\u2019il n\u2019est accompagn\u00e9 de la volont\u00e9 de se faire petit et humble comme Dieu s\u2019abaissa lui-m\u00eame. L\u2019accomplissement des commandements avec un esprit d\u2019enfance est le seul gage du bonheur chr\u00e9tien, au risque de tomber dans le pharisa\u00efsme, le moralisme et la s\u00e9v\u00e9rit\u00e9 inutiles. Alors, nous pourrons nous aussi \u00eatre v\u00e9ritablement \u00ab aux affaires de notre P\u00e8re \u00bb !&nbsp;<\/p>\n\n\n\n<p><span class=\"has-inline-color has-vivid-cyan-blue-color\"><strong>\u00a9GLSG<\/strong>, Article pour la rubrique&nbsp;Art et Foi in&nbsp;<em>Chemin d\u2019\u00c9ternit\u00e9, Revue du Sanctuaire Notre-Dame de Montligeon<\/em>, n\u00b0321, octobre\/novembre\/d\u00e9cembre 2024, pp.20-21.<\/span><\/p>\n\n\n\n<p>&nbsp;&nbsp;&nbsp;&nbsp;&nbsp;&nbsp;&nbsp;&nbsp;&nbsp;&nbsp;&nbsp;&nbsp;&nbsp;&nbsp;&nbsp;&nbsp;&nbsp;&nbsp;&nbsp;&nbsp;&nbsp;&nbsp;&nbsp;&nbsp;&nbsp;&nbsp;&nbsp;&nbsp;&nbsp;&nbsp;&nbsp;&nbsp;&nbsp;&nbsp;&nbsp;&nbsp;&nbsp;&nbsp;&nbsp;&nbsp;&nbsp;&nbsp;&nbsp;&nbsp;&nbsp;&nbsp;&nbsp;&nbsp;&nbsp;&nbsp;&nbsp;&nbsp;&nbsp;&nbsp;&nbsp;&nbsp;&nbsp;<\/p>\n","protected":false},"excerpt":{"rendered":"<p>Comme est grave le visage de l\u2019Enfant-J\u00e9sus ! Il semble adulte dans le corps d\u2019un enfant. L\u2019\u0153uvre du peintre Gabriel Tyr invite \u00e0 entrer dans l\u2019intimit\u00e9 de la personne du Fils qui ne vient pas abolir mais accomplir la Loi&hellip;<\/p>\n<p class=\"more-link-p\"><a class=\"more-link\" href=\"http:\/\/laplumedeloiseaulyre.com\/?page_id=15670\">Read more &rarr;<\/a><\/p>\n","protected":false},"author":1,"featured_media":16186,"parent":0,"menu_order":0,"comment_status":"closed","ping_status":"closed","template":"","meta":{"spay_email":""},"jetpack_shortlink":"https:\/\/wp.me\/P4lzfC-44K","_links":{"self":[{"href":"http:\/\/laplumedeloiseaulyre.com\/index.php?rest_route=\/wp\/v2\/pages\/15670"}],"collection":[{"href":"http:\/\/laplumedeloiseaulyre.com\/index.php?rest_route=\/wp\/v2\/pages"}],"about":[{"href":"http:\/\/laplumedeloiseaulyre.com\/index.php?rest_route=\/wp\/v2\/types\/page"}],"author":[{"embeddable":true,"href":"http:\/\/laplumedeloiseaulyre.com\/index.php?rest_route=\/wp\/v2\/users\/1"}],"replies":[{"embeddable":true,"href":"http:\/\/laplumedeloiseaulyre.com\/index.php?rest_route=%2Fwp%2Fv2%2Fcomments&post=15670"}],"version-history":[{"count":12,"href":"http:\/\/laplumedeloiseaulyre.com\/index.php?rest_route=\/wp\/v2\/pages\/15670\/revisions"}],"predecessor-version":[{"id":16513,"href":"http:\/\/laplumedeloiseaulyre.com\/index.php?rest_route=\/wp\/v2\/pages\/15670\/revisions\/16513"}],"wp:featuredmedia":[{"embeddable":true,"href":"http:\/\/laplumedeloiseaulyre.com\/index.php?rest_route=\/wp\/v2\/media\/16186"}],"wp:attachment":[{"href":"http:\/\/laplumedeloiseaulyre.com\/index.php?rest_route=%2Fwp%2Fv2%2Fmedia&parent=15670"}],"curies":[{"name":"wp","href":"https:\/\/api.w.org\/{rel}","templated":true}]}}