{"id":15252,"date":"2018-02-28T17:20:00","date_gmt":"2018-02-28T17:20:00","guid":{"rendered":"http:\/\/laplumedeloiseaulyre.com\/?page_id=15252"},"modified":"2024-06-03T23:42:15","modified_gmt":"2024-06-03T23:42:15","slug":"clarifier-son-regard-la-lecon-spirituelle-du-salvator-mundi","status":"publish","type":"page","link":"http:\/\/laplumedeloiseaulyre.com\/?page_id=15252","title":{"rendered":"Clarifier son regard. La le\u00e7on spirituelle du Salvator Mundi"},"content":{"rendered":"\n<figure class=\"wp-block-pullquote\"><blockquote><p><strong>La peinture du\u00a0<\/strong><em><strong>Salvator Mundi<\/strong><\/em><strong>\u00a0attribu\u00e9e \u00e0 L\u00e9onard de Vinci, a effectu\u00e9 un tour du monde virtuel et m\u00e9diatique au mois de novembre 2017, en devenant le tableau le plus cher du monde.<\/strong>\u00a0Au-del\u00e0 des int\u00e9r\u00eats financiers li\u00e9s \u00e0 la vente de cette \u0153uvre extraordinaire et des d\u00e9bats sur l\u2019authentification de l\u2019artiste, il invite \u00e0 une lumineuse m\u00e9ditation car il fait appara\u00eetre le visage de ce Dieu qui se donne, paradoxe inou\u00ef, gratuitement.<\/p><\/blockquote><\/figure>\n\n\n\n<div class=\"wp-block-image\"><figure class=\"aligncenter\"><img loading=\"lazy\" width=\"800\" height=\"1042\" src=\"https:\/\/i0.wp.com\/laplumedeloiseaulyre.com\/wp-content\/uploads\/2018\/04\/800px-Leonardo_da_Vinci_Salvator_Mundi_c.1500_oil_on_walnut_45.4_\u00d7_65.6_cm_framed.jpg?resize=800%2C1042\" alt=\"\" class=\"wp-image-7742\" srcset=\"https:\/\/i0.wp.com\/laplumedeloiseaulyre.com\/wp-content\/uploads\/2018\/04\/800px-Leonardo_da_Vinci_Salvator_Mundi_c.1500_oil_on_walnut_45.4_\u00d7_65.6_cm_framed.jpg?w=800 800w, https:\/\/i0.wp.com\/laplumedeloiseaulyre.com\/wp-content\/uploads\/2018\/04\/800px-Leonardo_da_Vinci_Salvator_Mundi_c.1500_oil_on_walnut_45.4_\u00d7_65.6_cm_framed.jpg?resize=230%2C300 230w, https:\/\/i0.wp.com\/laplumedeloiseaulyre.com\/wp-content\/uploads\/2018\/04\/800px-Leonardo_da_Vinci_Salvator_Mundi_c.1500_oil_on_walnut_45.4_\u00d7_65.6_cm_framed.jpg?resize=768%2C1000 768w, https:\/\/i0.wp.com\/laplumedeloiseaulyre.com\/wp-content\/uploads\/2018\/04\/800px-Leonardo_da_Vinci_Salvator_Mundi_c.1500_oil_on_walnut_45.4_\u00d7_65.6_cm_framed.jpg?resize=786%2C1024 786w, https:\/\/i0.wp.com\/laplumedeloiseaulyre.com\/wp-content\/uploads\/2018\/04\/800px-Leonardo_da_Vinci_Salvator_Mundi_c.1500_oil_on_walnut_45.4_\u00d7_65.6_cm_framed.jpg?resize=560%2C729 560w, https:\/\/i0.wp.com\/laplumedeloiseaulyre.com\/wp-content\/uploads\/2018\/04\/800px-Leonardo_da_Vinci_Salvator_Mundi_c.1500_oil_on_walnut_45.4_\u00d7_65.6_cm_framed.jpg?resize=160%2C208 160w\" sizes=\"(max-width: 800px) 100vw, 800px\" data-recalc-dims=\"1\" \/><figcaption><strong>L\u00e9onard de Vinci (attrib.)<\/strong> <em>Salvator Mundi<\/em>, v.1500 \u00a9collection particuli\u00e8re<\/figcaption><\/figure><\/div>\n\n\n\n<p><strong>Clarifier son regard, telle semble \u00eatre la le\u00e7on du peintre, qu\u2019il soit L\u00e9onard de Vinci ou non, \u00e0 travers la figure du Christ Sauveur du Monde qui surgit de l\u2019ombre et dont les yeux ne fuient pas le spectateur<\/strong>. Bien au contraire, il le b\u00e9nit en levant sa main droite, tandis qu\u2019il tient de la main gauche un orbe transparent comme du cristal. Ce portrait sacr\u00e9 le rend proche du croyant comme s\u2019il l\u2019invitait \u00e0 l\u2019\u00e9couter, en raison du choix du cadrage \u00e0 mi-corps et du fond obscur qui renforce l\u2019intimit\u00e9 de l\u2019atmosph\u00e8re. Ses stigmates ne sont gu\u00e8re visibles, mais c\u2019est bien un Christ royal, ressuscit\u00e9, qui a triomph\u00e9 des t\u00e9n\u00e8bres et du p\u00e9ch\u00e9, et qui r\u00e8gne d\u00e9sormais sans partage sur le monde renouvel\u00e9 par son sacrifice. La lumi\u00e8re plie et d\u00e9plie ses couleurs lentement sur sa tunique drap\u00e9e de bleu, brod\u00e9e d\u2019or et de pierres pr\u00e9cieuses. L\u2019artiste a aussi pos\u00e9 de d\u00e9licates touches de luminosit\u00e9s sur ses deux mains et dessin\u00e9 des vibrations dor\u00e9es dans ses cheveux ondul\u00e9s.<strong>Le peintre montre que l\u2019artiste ne peut vivre que dans le jour ni se consacrer uniquement \u00e0 la nuit&nbsp;: il doit apprendre \u00e0 clarifier son regard sur la cr\u00e9ation, nuancer son \u0153uvre entre aube et soir.<\/strong>&nbsp;La Gr\u00e2ce n\u2019annule pas les t\u00e9n\u00e8bres ni ne r\u00e9v\u00e8le toute la lumi\u00e8re en ce monde, elle avance par petites touches, laissant \u00e0 la vertu de patience le soin de r\u00e9v\u00e9ler son chromatisme. La technique du&nbsp;<em>sfumato<\/em>avec lequel il brouille imperceptiblement les contours de sa figure en est un merveilleux exemple, en lui permettant de modeler le sourire du Christ avec suavit\u00e9.<\/p>\n\n\n\n<p>Fascin\u00e9 par la beaut\u00e9 du corps humain, l\u2019artiste de la Renaissance offre en contemplation la royaut\u00e9 salvatrice du Seigneur et sa calme magnificence, en insistant sur la limpidit\u00e9 de son regard qui est particuli\u00e8rement saisissante.<strong>Le peintre semble rappeler ici que clarifier son regard, c\u2019est d\u2019abord se confronter au r\u00e9el et observer la nature en tant que lieu m\u00e9taphysique o\u00f9 se r\u00e9v\u00e8le le grand-oeuvre de Dieu.<\/strong>&nbsp;L\u2019\u0153il du Christ illumine l\u2019\u0153il de l\u2019artiste en lui rendant un iris vierge, une pupille pure, une r\u00e9tine innocente, \u00e0 l\u2019image de l\u2019orbe transparent qui encercle dans sa forme parfaitement symbolique le monde renouvel\u00e9. Face au&nbsp;<em>Salvador Mundi,<\/em>&nbsp;comment ne pas songer \u00e0 l\u2019exp\u00e9rience de saint Paul&nbsp;d\u00e9cill\u00e9 retrouvant le cristallin de l\u2019enfance spirituelle :&nbsp;<em>\u00ab&nbsp;Aussit\u00f4t tomb\u00e8rent de ses yeux comme des \u00e9cailles, et il retrouva la vue.&nbsp;\u00bb<\/em>&nbsp;(Actes, 9)&nbsp;?<\/p>\n\n\n\n<p><span class=\"has-inline-color has-vivid-cyan-blue-color\"><strong>\u00a9GLSG<\/strong>, article publi\u00e9 dans la\u00a0rubrique Art et Foi, in\u00a0<em>Chemin d\u2019\u00c9ternit\u00e9, Revue du Sanctuaire Notre-Dame de Montligeon<\/em>, n\u00b0285, Mars-Avril. 2018, pp.26-27.<\/span><\/p>\n","protected":false},"excerpt":{"rendered":"<p>La peinture du\u00a0Salvator Mundi\u00a0attribu\u00e9e \u00e0 L\u00e9onard de Vinci, a effectu\u00e9 un tour du monde virtuel et m\u00e9diatique au mois de novembre 2017, en devenant le tableau le plus cher du monde.\u00a0Au-del\u00e0 des int\u00e9r\u00eats financiers li\u00e9s \u00e0 la vente de cette&hellip;<\/p>\n<p class=\"more-link-p\"><a class=\"more-link\" href=\"http:\/\/laplumedeloiseaulyre.com\/?page_id=15252\">Read more &rarr;<\/a><\/p>\n","protected":false},"author":1,"featured_media":7742,"parent":0,"menu_order":0,"comment_status":"closed","ping_status":"closed","template":"","meta":{"spay_email":""},"jetpack_shortlink":"https:\/\/wp.me\/P4lzfC-3Y0","_links":{"self":[{"href":"http:\/\/laplumedeloiseaulyre.com\/index.php?rest_route=\/wp\/v2\/pages\/15252"}],"collection":[{"href":"http:\/\/laplumedeloiseaulyre.com\/index.php?rest_route=\/wp\/v2\/pages"}],"about":[{"href":"http:\/\/laplumedeloiseaulyre.com\/index.php?rest_route=\/wp\/v2\/types\/page"}],"author":[{"embeddable":true,"href":"http:\/\/laplumedeloiseaulyre.com\/index.php?rest_route=\/wp\/v2\/users\/1"}],"replies":[{"embeddable":true,"href":"http:\/\/laplumedeloiseaulyre.com\/index.php?rest_route=%2Fwp%2Fv2%2Fcomments&post=15252"}],"version-history":[{"count":4,"href":"http:\/\/laplumedeloiseaulyre.com\/index.php?rest_route=\/wp\/v2\/pages\/15252\/revisions"}],"predecessor-version":[{"id":15711,"href":"http:\/\/laplumedeloiseaulyre.com\/index.php?rest_route=\/wp\/v2\/pages\/15252\/revisions\/15711"}],"wp:featuredmedia":[{"embeddable":true,"href":"http:\/\/laplumedeloiseaulyre.com\/index.php?rest_route=\/wp\/v2\/media\/7742"}],"wp:attachment":[{"href":"http:\/\/laplumedeloiseaulyre.com\/index.php?rest_route=%2Fwp%2Fv2%2Fmedia&parent=15252"}],"curies":[{"name":"wp","href":"https:\/\/api.w.org\/{rel}","templated":true}]}}