{"id":15115,"date":"2022-04-02T16:52:00","date_gmt":"2022-04-02T16:52:00","guid":{"rendered":"http:\/\/laplumedeloiseaulyre.com\/?page_id=15115"},"modified":"2024-06-03T23:20:41","modified_gmt":"2024-06-03T23:20:41","slug":"fra-angelico-lame-dun-peintre","status":"publish","type":"page","link":"http:\/\/laplumedeloiseaulyre.com\/?page_id=15115","title":{"rendered":"Fra Angelico, l\u2019\u00e2me d\u2019un peintre"},"content":{"rendered":"\n<figure class=\"wp-block-pullquote\"><blockquote><p><strong><em>Fils du peintre Hippolyte Flandrin, Paul Hippolyte Flandrin expose au Salon des artistes fran\u00e7ais de 1894 son \u0153uvre<\/em>\u00a0Fra Angelico visit\u00e9 par les anges<em>, qui montre l\u2019influence stylistique de son p\u00e8re, auteur des fresques de l\u2019\u00e9glise Saint-Germain des Pr\u00e9s \u00e0 Paris.<\/em>\u00a0<em>Peintre m\u00e9connu de la Belle \u00c9poque, il se sp\u00e9cialise dans les portraits, la d\u00e9coration et l\u2019art sacr\u00e9.<\/em>\u00a0<em>Dans cette \u0153uvre, il repr\u00e9sente l\u2019artiste du XV<sup>e<\/sup>\u00a0si\u00e8cle qui, selon le t\u00e9moignage du peintre Giorgio Vasari (1511-1574)<\/em>\u00a0\u00ab\u00a0ne peignait jamais un crucifix sans que les larmes coulent le long de ses joues\u00a0\u00bb<\/strong><\/p><\/blockquote><\/figure>\n\n\n\n<div class=\"wp-block-image\"><figure class=\"aligncenter size-large\"><img loading=\"lazy\" width=\"813\" height=\"1024\" src=\"https:\/\/i1.wp.com\/laplumedeloiseaulyre.com\/wp-content\/uploads\/2021\/12\/Paul-Hippolyte_Flandrin_-_Fra_Angelico_visite\u0301_par_les_anges_1894.jpg?resize=813%2C1024\" alt=\"\" class=\"wp-image-13350\" srcset=\"https:\/\/i2.wp.com\/laplumedeloiseaulyre.com\/wp-content\/uploads\/2021\/12\/Paul-Hippolyte_Flandrin_-_Fra_Angelico_visite\u0301_par_les_anges_1894-scaled.jpg?resize=813%2C1024 813w, https:\/\/i2.wp.com\/laplumedeloiseaulyre.com\/wp-content\/uploads\/2021\/12\/Paul-Hippolyte_Flandrin_-_Fra_Angelico_visite\u0301_par_les_anges_1894-scaled.jpg?resize=238%2C300 238w, https:\/\/i2.wp.com\/laplumedeloiseaulyre.com\/wp-content\/uploads\/2021\/12\/Paul-Hippolyte_Flandrin_-_Fra_Angelico_visite\u0301_par_les_anges_1894-scaled.jpg?resize=768%2C967 768w, https:\/\/i2.wp.com\/laplumedeloiseaulyre.com\/wp-content\/uploads\/2021\/12\/Paul-Hippolyte_Flandrin_-_Fra_Angelico_visite\u0301_par_les_anges_1894-scaled.jpg?resize=1220%2C1536 1220w, https:\/\/i2.wp.com\/laplumedeloiseaulyre.com\/wp-content\/uploads\/2021\/12\/Paul-Hippolyte_Flandrin_-_Fra_Angelico_visite\u0301_par_les_anges_1894-scaled.jpg?resize=1626%2C2048 1626w, https:\/\/i2.wp.com\/laplumedeloiseaulyre.com\/wp-content\/uploads\/2021\/12\/Paul-Hippolyte_Flandrin_-_Fra_Angelico_visite\u0301_par_les_anges_1894-scaled.jpg?resize=560%2C705 560w, https:\/\/i2.wp.com\/laplumedeloiseaulyre.com\/wp-content\/uploads\/2021\/12\/Paul-Hippolyte_Flandrin_-_Fra_Angelico_visite\u0301_par_les_anges_1894-scaled.jpg?resize=160%2C201 160w, https:\/\/i2.wp.com\/laplumedeloiseaulyre.com\/wp-content\/uploads\/2021\/12\/Paul-Hippolyte_Flandrin_-_Fra_Angelico_visite\u0301_par_les_anges_1894-scaled.jpg?w=2033 2033w, https:\/\/i2.wp.com\/laplumedeloiseaulyre.com\/wp-content\/uploads\/2021\/12\/Paul-Hippolyte_Flandrin_-_Fra_Angelico_visite\u0301_par_les_anges_1894-scaled.jpg?w=1720 1720w\" sizes=\"(max-width: 813px) 100vw, 813px\" data-recalc-dims=\"1\" \/><figcaption><strong>Paul Hippolyte Flandrin (1856-1921)&nbsp;<em>F<\/em><\/strong><em><strong>ra Angelico visit\u00e9 par les anges<\/strong><\/em>, 1894, huile sur toile, 251 \u00d7 201 cm \u00a9Rouen, Mus\u00e9e des Beaux-Arts&nbsp;<\/figcaption><\/figure><\/div>\n\n\n\n<p>Nous voil\u00e0 plac\u00e9s dans l\u2019une des cellules du Couvent Saint-Marc \u00e0 Florence comme si nous assistions \u00e0 l\u2019\u00e9laboration de l\u2019une des nombreuses fresques qui ornent les pi\u00e8ces de ce haut-lieu de l\u2019art occidental. Sur un \u00e9chafaudage de planches sommaires, \u00e0 droite du tableau, Fra Angelico (v.1395-1455) est agenouill\u00e9, cachant son visage dans sa main droite.&nbsp;<strong>Il pleure face \u00e0 l\u2019esquisse \u00e9bauch\u00e9e de la Crucifixion sur le mur.&nbsp;<\/strong>Il a suspendu un instant son geste de peintre&nbsp;: sa palette et ses pinceaux demeurent inutilis\u00e9s dans sa main gauche. Il porte l\u2019habit de l\u2019ordre dominicain auquel il appartient. Un manuscrit reli\u00e9 est pos\u00e9 pr\u00e8s de lui, laissant \u00e0 penser qu\u2019il s\u2019agit de pri\u00e8res ou de textes sacr\u00e9s. \u00c0 ses c\u00f4t\u00e9s, l\u2019on distingue des pots de pigments ainsi qu\u2019une cuve remplie de mortier qui l\u2019aidera \u00e0 pr\u00e9parer l\u2019enduit sur lequel il posera ses couleurs.&nbsp;<strong>Par un subtil jeu d\u2019illusion, le tableau de Flandrin semble lui-m\u00eame imiter la puret\u00e9 des lignes et les tons p\u00e2les de la fresque alors qu\u2019il est pourtant peint \u00e0 l\u2019huile.<\/strong><\/p>\n\n\n\n<p>Flandrin aurait pu se contenter de repr\u00e9senter Fra Angelico seul face \u00e0 son travail mais, comme s\u2019il voulait souligner l\u2019aspect surnaturel de la sc\u00e8ne et l\u2019aura du \u00ab&nbsp;peintre des anges&nbsp;\u00bb, il choisit d\u2019inclure quatre anges aur\u00e9ol\u00e9s dans l\u2019embrasure de la porte. Ces derniers observent avec une curiosit\u00e9 m\u00eal\u00e9e de compassion l\u2019attitude de cet homme \u00e0 genoux au pied de la croix qu\u2019il est en train de r\u00e9aliser. Respect, contemplation et \u00e9motion les animent de m\u00eame qu\u2019ils p\u00e9n\u00e8trent aussi le c\u0153ur du spectateur.&nbsp;<strong>De quelle trempe est donc faite l\u2019\u00e2me de ce peintre pour que m\u00eame les anges n\u2019osent s\u2019approcher de lui qu\u2019avec crainte et s\u2019agenouillent \u00e0 leur tour&nbsp;?&nbsp;<\/strong>Ce que nous montre Fra Angelico, par l\u2019interm\u00e9diaire de Flandrin, est que nul ne peut approcher le myst\u00e8re de la Crucifixion sans une \u00e2me boulevers\u00e9e de m\u00eame que le peintre des anges s\u2019an\u00e9antissait devant son sujet comme s\u2019il se sentait indigne de le peindre. Face \u00e0 l\u2019abaissement de son Dieu, quel autre don que celui de ses larmes lui semblait possible&nbsp;? Et comment les anges resteraient-ils indiff\u00e9rents \u00e0 l\u2019effroi d\u2019un peintre qui craint de repr\u00e9senter Celui \u00e0 qui il doit tout&nbsp;?<\/p>\n\n\n\n<p>Quand les \u00e9preuves s\u2019esquissent sur le mur de nos existences, souvenons-nous de Fra Angelico qui s\u2019agenouillait, pleurait et offrait au Christ son \u00e2me remplie d\u2019humilit\u00e9, avant de se lever avec force pour peindre le Sauveur et le donner \u00e0 voir \u00e0 tant de g\u00e9n\u00e9rations apr\u00e8s lui. Alors des anges surgiront toujours pour nous guider et nous consoler comme ils ont accompagn\u00e9 Fra Angelico dans les doutes de son art. Vasari&nbsp;nous dit encore que ce dernier achevait ses \u0153uvres sans jamais les reprendre:&nbsp;<em>\u00ab&nbsp;Jamais ne retoucha-t-il ou ne restaura-t-il aucune de ses \u0153uvres&nbsp;; il les laissa toujours sous leur forme originelle car il croyait que telle \u00e9tait la volont\u00e9 du Seigneur.&nbsp;\u00bb<\/em>&nbsp;L\u2019humilit\u00e9 ne se trompe jamais.<\/p>\n\n\n\n<p><span class=\"has-inline-color has-vivid-cyan-blue-color\"><strong>\u00a9GLSG<\/strong>, article pour la rubrique Art et Foi in\u00a0<em>Chemin d\u2019\u00c9ternit\u00e9, Revue du Sanctuaire Notre-Dame de Montligeon<\/em>, n\u00b0309, Mars\/Avril 2022, pp.20-21.<\/span><\/p>\n\n\n\n<p><\/p>\n","protected":false},"excerpt":{"rendered":"<p>Fils du peintre Hippolyte Flandrin, Paul Hippolyte Flandrin expose au Salon des artistes fran\u00e7ais de 1894 son \u0153uvre\u00a0Fra Angelico visit\u00e9 par les anges, qui montre l\u2019influence stylistique de son p\u00e8re, auteur des fresques de l\u2019\u00e9glise Saint-Germain des Pr\u00e9s \u00e0 Paris.\u00a0Peintre&hellip;<\/p>\n<p class=\"more-link-p\"><a class=\"more-link\" href=\"http:\/\/laplumedeloiseaulyre.com\/?page_id=15115\">Read more &rarr;<\/a><\/p>\n","protected":false},"author":1,"featured_media":13350,"parent":0,"menu_order":0,"comment_status":"closed","ping_status":"closed","template":"","meta":{"spay_email":""},"jetpack_shortlink":"https:\/\/wp.me\/P4lzfC-3VN","_links":{"self":[{"href":"http:\/\/laplumedeloiseaulyre.com\/index.php?rest_route=\/wp\/v2\/pages\/15115"}],"collection":[{"href":"http:\/\/laplumedeloiseaulyre.com\/index.php?rest_route=\/wp\/v2\/pages"}],"about":[{"href":"http:\/\/laplumedeloiseaulyre.com\/index.php?rest_route=\/wp\/v2\/types\/page"}],"author":[{"embeddable":true,"href":"http:\/\/laplumedeloiseaulyre.com\/index.php?rest_route=\/wp\/v2\/users\/1"}],"replies":[{"embeddable":true,"href":"http:\/\/laplumedeloiseaulyre.com\/index.php?rest_route=%2Fwp%2Fv2%2Fcomments&post=15115"}],"version-history":[{"count":4,"href":"http:\/\/laplumedeloiseaulyre.com\/index.php?rest_route=\/wp\/v2\/pages\/15115\/revisions"}],"predecessor-version":[{"id":15689,"href":"http:\/\/laplumedeloiseaulyre.com\/index.php?rest_route=\/wp\/v2\/pages\/15115\/revisions\/15689"}],"wp:featuredmedia":[{"embeddable":true,"href":"http:\/\/laplumedeloiseaulyre.com\/index.php?rest_route=\/wp\/v2\/media\/13350"}],"wp:attachment":[{"href":"http:\/\/laplumedeloiseaulyre.com\/index.php?rest_route=%2Fwp%2Fv2%2Fmedia&parent=15115"}],"curies":[{"name":"wp","href":"https:\/\/api.w.org\/{rel}","templated":true}]}}