{"id":13075,"date":"2021-07-30T14:44:12","date_gmt":"2021-07-30T14:44:12","guid":{"rendered":"http:\/\/laplumedeloiseaulyre.com\/?page_id=13075"},"modified":"2021-07-30T14:44:12","modified_gmt":"2021-07-30T14:44:12","slug":"scrofulaire-noueuse-scrophularia-nodosa","status":"publish","type":"page","link":"http:\/\/laplumedeloiseaulyre.com\/?page_id=13075","title":{"rendered":"SCROFULAIRE NOUEUSE Scrophularia nodosa\u00a0"},"content":{"rendered":"\n<p>Venez-l\u00e0 mes vieux ennemis, mes vieilles peines,<br>Scrofulaires noueuses qui m\u2019avez heurt\u00e9e<br>Vous \u00e0 qui il me faudra toujours pardonner,<br>Venez-l\u00e0 et discutons sans drame et sans haine.<\/p>\n","protected":false},"excerpt":{"rendered":"<p>Venez-l\u00e0 mes vieux ennemis, mes vieilles peines,Scrofulaires noueuses qui m\u2019avez heurt\u00e9eVous \u00e0 qui il me faudra toujours pardonner,Venez-l\u00e0 et discutons sans drame et sans haine.<\/p>\n<p class=\"more-link-p\"><a class=\"more-link\" href=\"http:\/\/laplumedeloiseaulyre.com\/?page_id=13075\">Read more &rarr;<\/a><\/p>\n","protected":false},"author":1,"featured_media":0,"parent":0,"menu_order":0,"comment_status":"closed","ping_status":"closed","template":"","meta":{"spay_email":""},"jetpack_shortlink":"https:\/\/wp.me\/P4lzfC-3oT","_links":{"self":[{"href":"http:\/\/laplumedeloiseaulyre.com\/index.php?rest_route=\/wp\/v2\/pages\/13075"}],"collection":[{"href":"http:\/\/laplumedeloiseaulyre.com\/index.php?rest_route=\/wp\/v2\/pages"}],"about":[{"href":"http:\/\/laplumedeloiseaulyre.com\/index.php?rest_route=\/wp\/v2\/types\/page"}],"author":[{"embeddable":true,"href":"http:\/\/laplumedeloiseaulyre.com\/index.php?rest_route=\/wp\/v2\/users\/1"}],"replies":[{"embeddable":true,"href":"http:\/\/laplumedeloiseaulyre.com\/index.php?rest_route=%2Fwp%2Fv2%2Fcomments&post=13075"}],"version-history":[{"count":1,"href":"http:\/\/laplumedeloiseaulyre.com\/index.php?rest_route=\/wp\/v2\/pages\/13075\/revisions"}],"predecessor-version":[{"id":13076,"href":"http:\/\/laplumedeloiseaulyre.com\/index.php?rest_route=\/wp\/v2\/pages\/13075\/revisions\/13076"}],"wp:attachment":[{"href":"http:\/\/laplumedeloiseaulyre.com\/index.php?rest_route=%2Fwp%2Fv2%2Fmedia&parent=13075"}],"curies":[{"name":"wp","href":"https:\/\/api.w.org\/{rel}","templated":true}]}}