{"id":13014,"date":"2021-07-30T13:56:12","date_gmt":"2021-07-30T13:56:12","guid":{"rendered":"http:\/\/laplumedeloiseaulyre.com\/?page_id=13014"},"modified":"2021-07-30T13:56:12","modified_gmt":"2021-07-30T13:56:12","slug":"pavot-bleu-de-lhimalaya-meconopsis-betonicifolia","status":"publish","type":"page","link":"http:\/\/laplumedeloiseaulyre.com\/?page_id=13014","title":{"rendered":"PAVOT BLEU DE L&rsquo;HIMALAYA Meconopsis betonicifolia\u00a0"},"content":{"rendered":"\n<p>Pour atteindre le Pavot bleu qui me r\u00e9dime,\u00a0<br>Pour gravir l\u2019Himalaya de mes oraisons,<br>Je n\u2019ai besoin que d\u2019un c\u0153ur encord\u00e9 aux cimes,<br>Une \u00e2me sans culpabilit\u00e9 ni frisson.<\/p>\n\n\n\n<p><\/p>\n","protected":false},"excerpt":{"rendered":"<p>Pour atteindre le Pavot bleu qui me r\u00e9dime,\u00a0Pour gravir l\u2019Himalaya de mes oraisons,Je n\u2019ai besoin que d\u2019un c\u0153ur encord\u00e9 aux cimes,Une \u00e2me sans culpabilit\u00e9 ni frisson.<\/p>\n<p class=\"more-link-p\"><a class=\"more-link\" href=\"http:\/\/laplumedeloiseaulyre.com\/?page_id=13014\">Read more &rarr;<\/a><\/p>\n","protected":false},"author":1,"featured_media":0,"parent":0,"menu_order":0,"comment_status":"closed","ping_status":"closed","template":"","meta":{"spay_email":""},"jetpack_shortlink":"https:\/\/wp.me\/P4lzfC-3nU","_links":{"self":[{"href":"http:\/\/laplumedeloiseaulyre.com\/index.php?rest_route=\/wp\/v2\/pages\/13014"}],"collection":[{"href":"http:\/\/laplumedeloiseaulyre.com\/index.php?rest_route=\/wp\/v2\/pages"}],"about":[{"href":"http:\/\/laplumedeloiseaulyre.com\/index.php?rest_route=\/wp\/v2\/types\/page"}],"author":[{"embeddable":true,"href":"http:\/\/laplumedeloiseaulyre.com\/index.php?rest_route=\/wp\/v2\/users\/1"}],"replies":[{"embeddable":true,"href":"http:\/\/laplumedeloiseaulyre.com\/index.php?rest_route=%2Fwp%2Fv2%2Fcomments&post=13014"}],"version-history":[{"count":1,"href":"http:\/\/laplumedeloiseaulyre.com\/index.php?rest_route=\/wp\/v2\/pages\/13014\/revisions"}],"predecessor-version":[{"id":13015,"href":"http:\/\/laplumedeloiseaulyre.com\/index.php?rest_route=\/wp\/v2\/pages\/13014\/revisions\/13015"}],"wp:attachment":[{"href":"http:\/\/laplumedeloiseaulyre.com\/index.php?rest_route=%2Fwp%2Fv2%2Fmedia&parent=13014"}],"curies":[{"name":"wp","href":"https:\/\/api.w.org\/{rel}","templated":true}]}}