{"id":12963,"date":"2021-07-28T22:45:20","date_gmt":"2021-07-28T22:45:20","guid":{"rendered":"http:\/\/laplumedeloiseaulyre.com\/?page_id=12963"},"modified":"2021-07-28T22:45:20","modified_gmt":"2021-07-28T22:45:20","slug":"menyanthe-menyanthes-trifoliata","status":"publish","type":"page","link":"http:\/\/laplumedeloiseaulyre.com\/?page_id=12963","title":{"rendered":"MENYANTHE Menyanthes trifoliata\u00a0"},"content":{"rendered":"\n<p>M\u00e9nyanthe que l\u2019on nomme tr\u00e8fle d\u2019eau<br>Nous admirons votre triple myst\u00e8re<br>Plus que toutes les anciennes rivi\u00e8res<br>O\u00f9 nag\u00e8rent centaures et\u00a0h\u00e9ros.<\/p>\n\n\n\n<p><\/p>\n","protected":false},"excerpt":{"rendered":"<p>M\u00e9nyanthe que l\u2019on nomme tr\u00e8fle d\u2019eauNous admirons votre triple myst\u00e8rePlus que toutes les anciennes rivi\u00e8resO\u00f9 nag\u00e8rent centaures et\u00a0h\u00e9ros.<\/p>\n<p class=\"more-link-p\"><a class=\"more-link\" href=\"http:\/\/laplumedeloiseaulyre.com\/?page_id=12963\">Read more &rarr;<\/a><\/p>\n","protected":false},"author":1,"featured_media":0,"parent":0,"menu_order":0,"comment_status":"closed","ping_status":"closed","template":"","meta":{"spay_email":""},"jetpack_shortlink":"https:\/\/wp.me\/P4lzfC-3n5","_links":{"self":[{"href":"http:\/\/laplumedeloiseaulyre.com\/index.php?rest_route=\/wp\/v2\/pages\/12963"}],"collection":[{"href":"http:\/\/laplumedeloiseaulyre.com\/index.php?rest_route=\/wp\/v2\/pages"}],"about":[{"href":"http:\/\/laplumedeloiseaulyre.com\/index.php?rest_route=\/wp\/v2\/types\/page"}],"author":[{"embeddable":true,"href":"http:\/\/laplumedeloiseaulyre.com\/index.php?rest_route=\/wp\/v2\/users\/1"}],"replies":[{"embeddable":true,"href":"http:\/\/laplumedeloiseaulyre.com\/index.php?rest_route=%2Fwp%2Fv2%2Fcomments&post=12963"}],"version-history":[{"count":2,"href":"http:\/\/laplumedeloiseaulyre.com\/index.php?rest_route=\/wp\/v2\/pages\/12963\/revisions"}],"predecessor-version":[{"id":12967,"href":"http:\/\/laplumedeloiseaulyre.com\/index.php?rest_route=\/wp\/v2\/pages\/12963\/revisions\/12967"}],"wp:attachment":[{"href":"http:\/\/laplumedeloiseaulyre.com\/index.php?rest_route=%2Fwp%2Fv2%2Fmedia&parent=12963"}],"curies":[{"name":"wp","href":"https:\/\/api.w.org\/{rel}","templated":true}]}}