{"id":12917,"date":"2021-07-28T14:00:53","date_gmt":"2021-07-28T14:00:53","guid":{"rendered":"http:\/\/laplumedeloiseaulyre.com\/?page_id=12917"},"modified":"2021-07-28T14:00:53","modified_gmt":"2021-07-28T14:00:53","slug":"justicia-justicia-brandegeeana","status":"publish","type":"page","link":"http:\/\/laplumedeloiseaulyre.com\/?page_id=12917","title":{"rendered":"JUSTICIA Justicia brandegeeana\u00a0"},"content":{"rendered":"\n<p>Un prince tenait le sceptre de Justicia<br>Lui donnant une signification nouvelle,<br>De l\u2019ancienne loi au moderne rituel<br>Au pied de la vo\u00fbte \u00e9toil\u00e9e de Tijuana.<\/p>\n\n\n\n<p><\/p>\n","protected":false},"excerpt":{"rendered":"<p>Un prince tenait le sceptre de JusticiaLui donnant une signification nouvelle,De l\u2019ancienne loi au moderne rituelAu pied de la vo\u00fbte \u00e9toil\u00e9e de Tijuana.<\/p>\n<p class=\"more-link-p\"><a class=\"more-link\" href=\"http:\/\/laplumedeloiseaulyre.com\/?page_id=12917\">Read more &rarr;<\/a><\/p>\n","protected":false},"author":1,"featured_media":0,"parent":0,"menu_order":0,"comment_status":"closed","ping_status":"closed","template":"","meta":{"spay_email":""},"jetpack_shortlink":"https:\/\/wp.me\/P4lzfC-3ml","_links":{"self":[{"href":"http:\/\/laplumedeloiseaulyre.com\/index.php?rest_route=\/wp\/v2\/pages\/12917"}],"collection":[{"href":"http:\/\/laplumedeloiseaulyre.com\/index.php?rest_route=\/wp\/v2\/pages"}],"about":[{"href":"http:\/\/laplumedeloiseaulyre.com\/index.php?rest_route=\/wp\/v2\/types\/page"}],"author":[{"embeddable":true,"href":"http:\/\/laplumedeloiseaulyre.com\/index.php?rest_route=\/wp\/v2\/users\/1"}],"replies":[{"embeddable":true,"href":"http:\/\/laplumedeloiseaulyre.com\/index.php?rest_route=%2Fwp%2Fv2%2Fcomments&post=12917"}],"version-history":[{"count":1,"href":"http:\/\/laplumedeloiseaulyre.com\/index.php?rest_route=\/wp\/v2\/pages\/12917\/revisions"}],"predecessor-version":[{"id":12918,"href":"http:\/\/laplumedeloiseaulyre.com\/index.php?rest_route=\/wp\/v2\/pages\/12917\/revisions\/12918"}],"wp:attachment":[{"href":"http:\/\/laplumedeloiseaulyre.com\/index.php?rest_route=%2Fwp%2Fv2%2Fmedia&parent=12917"}],"curies":[{"name":"wp","href":"https:\/\/api.w.org\/{rel}","templated":true}]}}