{"id":12900,"date":"2021-07-28T13:40:55","date_gmt":"2021-07-28T13:40:55","guid":{"rendered":"http:\/\/laplumedeloiseaulyre.com\/?page_id=12900"},"modified":"2021-07-28T13:40:55","modified_gmt":"2021-07-28T13:40:55","slug":"gunnere-gunnera-manicata","status":"publish","type":"page","link":"http:\/\/laplumedeloiseaulyre.com\/?page_id=12900","title":{"rendered":"GUNN\u00c8RE Gunnera manicata\u00a0"},"content":{"rendered":"\n<p>Regarde la Gunn\u00e8re qui tient son cap vert<br>Et grandit en sourdine, tendue vers son \u0153uvre,<br>D\u00e9passant les herbes mauvaises et les couleuvres,<br>G\u00e9ante femme r\u00e9sistante de l\u2019enfer.<\/p>\n\n\n\n<p><\/p>\n","protected":false},"excerpt":{"rendered":"<p>Regarde la Gunn\u00e8re qui tient son cap vertEt grandit en sourdine, tendue vers son \u0153uvre,D\u00e9passant les herbes mauvaises et les couleuvres,G\u00e9ante femme r\u00e9sistante de l\u2019enfer.<\/p>\n<p class=\"more-link-p\"><a class=\"more-link\" href=\"http:\/\/laplumedeloiseaulyre.com\/?page_id=12900\">Read more &rarr;<\/a><\/p>\n","protected":false},"author":1,"featured_media":0,"parent":0,"menu_order":0,"comment_status":"closed","ping_status":"closed","template":"","meta":{"spay_email":""},"jetpack_shortlink":"https:\/\/wp.me\/P4lzfC-3m4","_links":{"self":[{"href":"http:\/\/laplumedeloiseaulyre.com\/index.php?rest_route=\/wp\/v2\/pages\/12900"}],"collection":[{"href":"http:\/\/laplumedeloiseaulyre.com\/index.php?rest_route=\/wp\/v2\/pages"}],"about":[{"href":"http:\/\/laplumedeloiseaulyre.com\/index.php?rest_route=\/wp\/v2\/types\/page"}],"author":[{"embeddable":true,"href":"http:\/\/laplumedeloiseaulyre.com\/index.php?rest_route=\/wp\/v2\/users\/1"}],"replies":[{"embeddable":true,"href":"http:\/\/laplumedeloiseaulyre.com\/index.php?rest_route=%2Fwp%2Fv2%2Fcomments&post=12900"}],"version-history":[{"count":1,"href":"http:\/\/laplumedeloiseaulyre.com\/index.php?rest_route=\/wp\/v2\/pages\/12900\/revisions"}],"predecessor-version":[{"id":12901,"href":"http:\/\/laplumedeloiseaulyre.com\/index.php?rest_route=\/wp\/v2\/pages\/12900\/revisions\/12901"}],"wp:attachment":[{"href":"http:\/\/laplumedeloiseaulyre.com\/index.php?rest_route=%2Fwp%2Fv2%2Fmedia&parent=12900"}],"curies":[{"name":"wp","href":"https:\/\/api.w.org\/{rel}","templated":true}]}}