{"id":12897,"date":"2021-07-28T13:24:02","date_gmt":"2021-07-28T13:24:02","guid":{"rendered":"http:\/\/laplumedeloiseaulyre.com\/?page_id=12897"},"modified":"2021-07-28T13:24:02","modified_gmt":"2021-07-28T13:24:02","slug":"grevillea-de-banks-grevillea-banksii","status":"publish","type":"page","link":"http:\/\/laplumedeloiseaulyre.com\/?page_id=12897","title":{"rendered":"GREVILLEA DE BANKS Grevillea banksii\u00a0"},"content":{"rendered":"\n<p>Adieu paradis, adieu plaisirs et azurs,<br>Adieu Grevillea que j\u2019ai tant ador\u00e9,<br>Adieu sentiments anciens que je croyais m\u00fbrs,<br>\u00c0 vous, fleur ind\u00e9chiffrable, j\u2019ai renonc\u00e9.<\/p>\n\n\n\n<p><\/p>\n","protected":false},"excerpt":{"rendered":"<p>Adieu paradis, adieu plaisirs et azurs,Adieu Grevillea que j\u2019ai tant ador\u00e9,Adieu sentiments anciens que je croyais m\u00fbrs,\u00c0 vous, fleur ind\u00e9chiffrable, j\u2019ai renonc\u00e9.<\/p>\n<p class=\"more-link-p\"><a class=\"more-link\" href=\"http:\/\/laplumedeloiseaulyre.com\/?page_id=12897\">Read more &rarr;<\/a><\/p>\n","protected":false},"author":1,"featured_media":0,"parent":0,"menu_order":0,"comment_status":"closed","ping_status":"closed","template":"","meta":{"spay_email":""},"jetpack_shortlink":"https:\/\/wp.me\/P4lzfC-3m1","_links":{"self":[{"href":"http:\/\/laplumedeloiseaulyre.com\/index.php?rest_route=\/wp\/v2\/pages\/12897"}],"collection":[{"href":"http:\/\/laplumedeloiseaulyre.com\/index.php?rest_route=\/wp\/v2\/pages"}],"about":[{"href":"http:\/\/laplumedeloiseaulyre.com\/index.php?rest_route=\/wp\/v2\/types\/page"}],"author":[{"embeddable":true,"href":"http:\/\/laplumedeloiseaulyre.com\/index.php?rest_route=\/wp\/v2\/users\/1"}],"replies":[{"embeddable":true,"href":"http:\/\/laplumedeloiseaulyre.com\/index.php?rest_route=%2Fwp%2Fv2%2Fcomments&post=12897"}],"version-history":[{"count":1,"href":"http:\/\/laplumedeloiseaulyre.com\/index.php?rest_route=\/wp\/v2\/pages\/12897\/revisions"}],"predecessor-version":[{"id":12898,"href":"http:\/\/laplumedeloiseaulyre.com\/index.php?rest_route=\/wp\/v2\/pages\/12897\/revisions\/12898"}],"wp:attachment":[{"href":"http:\/\/laplumedeloiseaulyre.com\/index.php?rest_route=%2Fwp%2Fv2%2Fmedia&parent=12897"}],"curies":[{"name":"wp","href":"https:\/\/api.w.org\/{rel}","templated":true}]}}