{"id":12812,"date":"2021-07-27T13:57:37","date_gmt":"2021-07-27T13:57:37","guid":{"rendered":"http:\/\/laplumedeloiseaulyre.com\/?page_id=12812"},"modified":"2021-07-27T13:57:37","modified_gmt":"2021-07-27T13:57:37","slug":"choisya-choisya-ternata","status":"publish","type":"page","link":"http:\/\/laplumedeloiseaulyre.com\/?page_id=12812","title":{"rendered":"CHOISYA Choisya ternata"},"content":{"rendered":"\n<p>Choisya, tu m\u2019as choisie et j\u2019ai \u00e9t\u00e9 s\u00e9duite\u00a0!<br>Tu m\u2019as saisie sans que je ne puisse m\u2019enfuir,<br>Ar\u00f4me azt\u00e8que qu\u2019Aim\u00e9 Bonpland pr\u00e9m\u00e9dite,<br>De qui je m\u2019\u00e9loigne pour toujours revenir.<\/p>\n\n\n\n<p><\/p>\n","protected":false},"excerpt":{"rendered":"<p>Choisya, tu m\u2019as choisie et j\u2019ai \u00e9t\u00e9 s\u00e9duite\u00a0!Tu m\u2019as saisie sans que je ne puisse m\u2019enfuir,Ar\u00f4me azt\u00e8que qu\u2019Aim\u00e9 Bonpland pr\u00e9m\u00e9dite,De qui je m\u2019\u00e9loigne pour toujours revenir.<\/p>\n<p class=\"more-link-p\"><a class=\"more-link\" href=\"http:\/\/laplumedeloiseaulyre.com\/?page_id=12812\">Read more &rarr;<\/a><\/p>\n","protected":false},"author":1,"featured_media":0,"parent":0,"menu_order":0,"comment_status":"closed","ping_status":"closed","template":"","meta":{"spay_email":""},"jetpack_shortlink":"https:\/\/wp.me\/P4lzfC-3kE","_links":{"self":[{"href":"http:\/\/laplumedeloiseaulyre.com\/index.php?rest_route=\/wp\/v2\/pages\/12812"}],"collection":[{"href":"http:\/\/laplumedeloiseaulyre.com\/index.php?rest_route=\/wp\/v2\/pages"}],"about":[{"href":"http:\/\/laplumedeloiseaulyre.com\/index.php?rest_route=\/wp\/v2\/types\/page"}],"author":[{"embeddable":true,"href":"http:\/\/laplumedeloiseaulyre.com\/index.php?rest_route=\/wp\/v2\/users\/1"}],"replies":[{"embeddable":true,"href":"http:\/\/laplumedeloiseaulyre.com\/index.php?rest_route=%2Fwp%2Fv2%2Fcomments&post=12812"}],"version-history":[{"count":1,"href":"http:\/\/laplumedeloiseaulyre.com\/index.php?rest_route=\/wp\/v2\/pages\/12812\/revisions"}],"predecessor-version":[{"id":12813,"href":"http:\/\/laplumedeloiseaulyre.com\/index.php?rest_route=\/wp\/v2\/pages\/12812\/revisions\/12813"}],"wp:attachment":[{"href":"http:\/\/laplumedeloiseaulyre.com\/index.php?rest_route=%2Fwp%2Fv2%2Fmedia&parent=12812"}],"curies":[{"name":"wp","href":"https:\/\/api.w.org\/{rel}","templated":true}]}}