{"id":12680,"date":"2021-07-26T16:32:39","date_gmt":"2021-07-26T16:32:39","guid":{"rendered":"http:\/\/laplumedeloiseaulyre.com\/?page_id=12680"},"modified":"2021-07-26T16:42:15","modified_gmt":"2021-07-26T16:42:15","slug":"anthrisque-des-bois-anthriscus-sylvestris","status":"publish","type":"page","link":"http:\/\/laplumedeloiseaulyre.com\/?page_id=12680","title":{"rendered":"ANTHYLLIDE VULN\u00c9RAIRE Anthyllis vulneraria"},"content":{"rendered":"\n<p>Dans l&rsquo;herboristerie, pilons et foins s\u00e9ch\u00e9s<br>Se rassemblent en un m\u00eame conciliabule,<br>L&rsquo;Anthyllide vuln\u00e9raire est sous le mortier,<br>Aupr\u00e8s d&rsquo;un chaudron f\u00eal\u00e9 de cuivre qui bulle. <\/p>\n","protected":false},"excerpt":{"rendered":"<p>Dans l&rsquo;herboristerie, pilons et foins s\u00e9ch\u00e9sSe rassemblent en un m\u00eame conciliabule,L&rsquo;Anthyllide vuln\u00e9raire est sous le mortier,Aupr\u00e8s d&rsquo;un chaudron f\u00eal\u00e9 de cuivre qui bulle.<\/p>\n<p class=\"more-link-p\"><a class=\"more-link\" href=\"http:\/\/laplumedeloiseaulyre.com\/?page_id=12680\">Read more &rarr;<\/a><\/p>\n","protected":false},"author":1,"featured_media":0,"parent":0,"menu_order":0,"comment_status":"closed","ping_status":"closed","template":"","meta":{"spay_email":""},"jetpack_shortlink":"https:\/\/wp.me\/P4lzfC-3iw","_links":{"self":[{"href":"http:\/\/laplumedeloiseaulyre.com\/index.php?rest_route=\/wp\/v2\/pages\/12680"}],"collection":[{"href":"http:\/\/laplumedeloiseaulyre.com\/index.php?rest_route=\/wp\/v2\/pages"}],"about":[{"href":"http:\/\/laplumedeloiseaulyre.com\/index.php?rest_route=\/wp\/v2\/types\/page"}],"author":[{"embeddable":true,"href":"http:\/\/laplumedeloiseaulyre.com\/index.php?rest_route=\/wp\/v2\/users\/1"}],"replies":[{"embeddable":true,"href":"http:\/\/laplumedeloiseaulyre.com\/index.php?rest_route=%2Fwp%2Fv2%2Fcomments&post=12680"}],"version-history":[{"count":3,"href":"http:\/\/laplumedeloiseaulyre.com\/index.php?rest_route=\/wp\/v2\/pages\/12680\/revisions"}],"predecessor-version":[{"id":12684,"href":"http:\/\/laplumedeloiseaulyre.com\/index.php?rest_route=\/wp\/v2\/pages\/12680\/revisions\/12684"}],"wp:attachment":[{"href":"http:\/\/laplumedeloiseaulyre.com\/index.php?rest_route=%2Fwp%2Fv2%2Fmedia&parent=12680"}],"curies":[{"name":"wp","href":"https:\/\/api.w.org\/{rel}","templated":true}]}}