{"id":11823,"date":"2021-03-11T14:10:51","date_gmt":"2021-03-11T14:10:51","guid":{"rendered":"http:\/\/laplumedeloiseaulyre.com\/?page_id=11823"},"modified":"2026-02-19T01:22:19","modified_gmt":"2026-02-19T01:22:19","slug":"achat-de-cyanotypes","status":"publish","type":"page","link":"http:\/\/laplumedeloiseaulyre.com\/?page_id=11823","title":{"rendered":"Achat"},"content":{"rendered":"\n<p><strong>Vous voulez acqu\u00e9rir un\/des cyanotype(s) ?<\/strong><\/p>\n\n\n\n<p>Soyez tout d&rsquo;abord remerci\u00e9(e) d&rsquo;\u00eatre sensible \u00e0 ce travail artistique ! Sachez qu&rsquo;il existe deux fa\u00e7ons d&rsquo;acqu\u00e9rir des cyanotypes :<\/p>\n\n\n\n<ul><li><strong>Aupr\u00e8s de la<\/strong> <a rel=\"noreferrer noopener\" href=\"https:\/\/www.alainbrieux.com\" target=\"_blank\">Librairie Alain Brieux<\/a> qui pr\u00e9sente de fa\u00e7on permanente une s\u00e9lection d&rsquo;oeuvres en format libre &#8211; 48 rue Jacob, 75006 Paris, +33 (0)\/1 42 60 21 98, alain.brieux @ gmail.com<\/li><li>Aupr\u00e8s de la <a rel=\"noreferrer noopener\" href=\"https:\/\/tschannlibraire.fr\" target=\"_blank\">Librairie Tschann<\/a> qui pr\u00e9sente de fa\u00e7on permanente une s\u00e9lection d&rsquo;oeuvres en format libre &#8211; 125 bd du Montparnasse, 75006 Paris, +33 (0)1 43 35 42 05, commandetschann@free.fr<\/li><\/ul>\n\n\n\n<ul><li><strong>Aupr\u00e8s de l&rsquo;artiste GLSG<\/strong><\/li><\/ul>\n\n\n\n<p><a rel=\"noreferrer noopener\" href=\"http:\/\/laplumedeloiseaulyre.com\/?page_id=5771\" target=\"_blank\">\u00c9crivez \u00e0 l\u2019artiste en cliquant simplement sur le formulaire du lien suivant<\/a>  si vous souhaitez acqu\u00e9rir un ou plusieurs cyanotypes issus des s\u00e9ries mises en ligne ou une oeuvre d\u2019art sur-mesure. <strong>Une r\u00e9ponse vous sera apport\u00e9e sous 48h.<\/strong> Chaque tirage est <span style=\"text-decoration: underline;\">unique<\/span>, personnel et inspir\u00e9. GLSG est \u00e0 votre \u00e9coute et s&rsquo;adapte \u00e0 vos souhaits, selon le format, le th\u00e8me, les sp\u00e9cimens botaniques et le type d&rsquo;encadrement choisi. <strong><span class=\"has-inline-color has-vivid-cyan-blue-color\">Un portfolio avec toutes les oeuvres  et leurs prix, disponible au format PDF, peut vous \u00eatre communiqu\u00e9 par email sur demande. <\/span><\/strong><\/p>\n\n\n\n<ul><li><strong><a href=\"https:\/\/laplumedeloiseaulyre.com\/?page_id=17176\" data-type=\"page\" data-id=\"17176\">Lire ici les CGV (Conditions g\u00e9n\u00e9rales de vente<\/a><\/strong>)<\/li><\/ul>\n\n\n\n<ul><li><strong>Ateliers d&rsquo;initiation \u00e0 l&rsquo;art du cyanotype <\/strong><\/li><\/ul>\n\n\n\n<p><span style=\"color:#14a16d\" class=\"has-inline-color\">Nous vous remercions de vos demandes d&rsquo;ateliers d&rsquo;initiation aux cyanotypes mais l&rsquo;artiste ne propose pas ce type de prestation pour les particuliers, ni pour les enfants, ni pour les entreprises. Elle se concentre sur les collaborations artistiques au service de la cr\u00e9ation d&rsquo;oeuvres uniques s&rsquo;inscrivant dans des projets ayant une coh\u00e9rence avec son univers. <\/span><\/p>\n\n\n\n<ul><li><strong>Liste des s\u00e9ries et oeuvres en vente <span style=\"color:#14a16d\" class=\"has-inline-color\"> <\/span><\/strong><\/li><\/ul>\n\n\n\n<p>Vous trouverez la liste des diverses s\u00e9ries incluant des cyanotypes en vente ci-dessous.<\/p>\n\n\n\n<p><span class=\"has-inline-color has-luminous-vivid-orange-color\"><strong>Note importante :<\/strong>&nbsp;&nbsp;la mention \u00ab collection \u00bb qui figure sous les photos de certains cyanotypes indique que l\u2019oeuvre est d\u00e9j\u00e0 entr\u00e9e dans une collection et qu\u2019elle n\u2019est plus disponible \u00e0 la vente. En revanche un tirage dans le m\u00eame esprit peut \u00eatre r\u00e9alis\u00e9 si vous tenez plus particuli\u00e8rement \u00e0 un mod\u00e8le ou \u00e0 une composition. <\/span><strong><span class=\"has-inline-color has-luminous-vivid-orange-color\">Chaque tirage reste unique et non reproductible \u00e0 l&rsquo;identique.<\/span> <\/strong><\/p>\n\n\n\n<figure class=\"wp-block-embed is-type-wp-embed is-provider-la-plume-de-l-039-oiseau-lyre wp-block-embed-la-plume-de-l-039-oiseau-lyre\"><div class=\"wp-block-embed__wrapper\">\n<blockquote class=\"wp-embedded-content\" data-secret=\"ZFTxg3R7Q9\"><a href=\"https:\/\/laplumedeloiseaulyre.com\/?page_id=8620\">Hortus Deliciarum (s\u00e9rie de constellations botaniques &#8211; 2018\/en cours)<\/a><\/blockquote><iframe class=\"wp-embedded-content\" sandbox=\"allow-scripts\" security=\"restricted\" style=\"position: absolute; clip: rect(1px, 1px, 1px, 1px);\" title=\"&laquo;&nbsp;Hortus Deliciarum (s\u00e9rie de constellations botaniques &#8211; 2018\/en cours)&nbsp;&raquo; &#8212; La Plume de l&#039;Oiseau-Lyre\" src=\"https:\/\/laplumedeloiseaulyre.com\/?page_id=8620&#038;embed=true#?secret=ZFTxg3R7Q9\" data-secret=\"ZFTxg3R7Q9\" width=\"600\" height=\"338\" frameborder=\"0\" marginwidth=\"0\" marginheight=\"0\" scrolling=\"no\"><\/iframe>\n<\/div><\/figure>\n\n\n\n<figure class=\"wp-block-embed is-type-wp-embed is-provider-la-plume-de-l-039-oiseau-lyre wp-block-embed-la-plume-de-l-039-oiseau-lyre\"><div class=\"wp-block-embed__wrapper\">\n<blockquote class=\"wp-embedded-content\" data-secret=\"sSxDI5EOhU\"><a href=\"https:\/\/laplumedeloiseaulyre.com\/?page_id=9943\">Ombellif\u00e8res (s\u00e9rie de Mirabilia a\u00e9riennes &#8211; 2019\/en cours)<\/a><\/blockquote><iframe class=\"wp-embedded-content\" sandbox=\"allow-scripts\" security=\"restricted\" style=\"position: absolute; clip: rect(1px, 1px, 1px, 1px);\" title=\"&laquo;&nbsp;Ombellif\u00e8res (s\u00e9rie de Mirabilia a\u00e9riennes &#8211; 2019\/en cours)&nbsp;&raquo; &#8212; La Plume de l&#039;Oiseau-Lyre\" src=\"https:\/\/laplumedeloiseaulyre.com\/?page_id=9943&#038;embed=true#?secret=sSxDI5EOhU\" data-secret=\"sSxDI5EOhU\" width=\"600\" height=\"338\" frameborder=\"0\" marginwidth=\"0\" marginheight=\"0\" scrolling=\"no\"><\/iframe>\n<\/div><\/figure>\n\n\n\n<figure class=\"wp-block-embed is-type-wp-embed is-provider-la-plume-de-l-039-oiseau-lyre wp-block-embed-la-plume-de-l-039-oiseau-lyre\"><div class=\"wp-block-embed__wrapper\">\n<blockquote class=\"wp-embedded-content\" data-secret=\"di9HjA7kDr\"><a href=\"https:\/\/laplumedeloiseaulyre.com\/?page_id=8793\">Herbes des chemins et des champs (s\u00e9rie de merveilles agrestes &#8211; 2018\/en cours)<\/a><\/blockquote><iframe class=\"wp-embedded-content\" sandbox=\"allow-scripts\" security=\"restricted\" style=\"position: absolute; clip: rect(1px, 1px, 1px, 1px);\" title=\"&laquo;&nbsp;Herbes des chemins et des champs (s\u00e9rie de merveilles agrestes &#8211; 2018\/en cours)&nbsp;&raquo; &#8212; La Plume de l&#039;Oiseau-Lyre\" src=\"https:\/\/laplumedeloiseaulyre.com\/?page_id=8793&#038;embed=true#?secret=di9HjA7kDr\" data-secret=\"di9HjA7kDr\" width=\"600\" height=\"338\" frameborder=\"0\" marginwidth=\"0\" marginheight=\"0\" scrolling=\"no\"><\/iframe>\n<\/div><\/figure>\n\n\n\n<figure class=\"wp-block-embed is-type-wp-embed is-provider-la-plume-de-l-039-oiseau-lyre wp-block-embed-la-plume-de-l-039-oiseau-lyre\"><div class=\"wp-block-embed__wrapper\">\n<blockquote class=\"wp-embedded-content\" data-secret=\"Upo9g2naxI\"><a href=\"https:\/\/laplumedeloiseaulyre.com\/?page_id=10967\">Algae (s\u00e9rie d&rsquo;algues subtiles &#8211; 2020\/en cours)<\/a><\/blockquote><iframe class=\"wp-embedded-content\" sandbox=\"allow-scripts\" security=\"restricted\" style=\"position: absolute; clip: rect(1px, 1px, 1px, 1px);\" title=\"&laquo;&nbsp;Algae (s\u00e9rie d&rsquo;algues subtiles &#8211; 2020\/en cours)&nbsp;&raquo; &#8212; La Plume de l&#039;Oiseau-Lyre\" src=\"https:\/\/laplumedeloiseaulyre.com\/?page_id=10967&#038;embed=true#?secret=Upo9g2naxI\" data-secret=\"Upo9g2naxI\" width=\"600\" height=\"338\" frameborder=\"0\" marginwidth=\"0\" marginheight=\"0\" scrolling=\"no\"><\/iframe>\n<\/div><\/figure>\n\n\n\n<figure class=\"wp-block-embed is-type-wp-embed is-provider-la-plume-de-l-039-oiseau-lyre wp-block-embed-la-plume-de-l-039-oiseau-lyre\"><div class=\"wp-block-embed__wrapper\">\n<blockquote class=\"wp-embedded-content\" data-secret=\"XKkLrvvqeC\"><a href=\"https:\/\/laplumedeloiseaulyre.com\/?page_id=10209\">Bouquets solaires (s\u00e9rie de brass\u00e9es d\u2019\u00e9t\u00e9 &#8211; 2019\/en cours)<\/a><\/blockquote><iframe class=\"wp-embedded-content\" sandbox=\"allow-scripts\" security=\"restricted\" style=\"position: absolute; clip: rect(1px, 1px, 1px, 1px);\" title=\"&laquo;&nbsp;Bouquets solaires (s\u00e9rie de brass\u00e9es d\u2019\u00e9t\u00e9 &#8211; 2019\/en cours)&nbsp;&raquo; &#8212; La Plume de l&#039;Oiseau-Lyre\" src=\"https:\/\/laplumedeloiseaulyre.com\/?page_id=10209&#038;embed=true#?secret=XKkLrvvqeC\" data-secret=\"XKkLrvvqeC\" width=\"600\" height=\"338\" frameborder=\"0\" marginwidth=\"0\" marginheight=\"0\" scrolling=\"no\"><\/iframe>\n<\/div><\/figure>\n\n\n\n<figure class=\"wp-block-embed is-type-wp-embed is-provider-la-plume-de-l-039-oiseau-lyre wp-block-embed-la-plume-de-l-039-oiseau-lyre\"><div class=\"wp-block-embed__wrapper\">\n<blockquote class=\"wp-embedded-content\" data-secret=\"uiMIaV2RJk\"><a href=\"https:\/\/laplumedeloiseaulyre.com\/?page_id=8553\">Arboretum (s\u00e9rie d&rsquo;arbres qui murmurent &#8211; 2018\/en cours)<\/a><\/blockquote><iframe class=\"wp-embedded-content\" sandbox=\"allow-scripts\" security=\"restricted\" style=\"position: absolute; clip: rect(1px, 1px, 1px, 1px);\" title=\"&laquo;&nbsp;Arboretum (s\u00e9rie d&rsquo;arbres qui murmurent &#8211; 2018\/en cours)&nbsp;&raquo; &#8212; La Plume de l&#039;Oiseau-Lyre\" src=\"https:\/\/laplumedeloiseaulyre.com\/?page_id=8553&#038;embed=true#?secret=uiMIaV2RJk\" data-secret=\"uiMIaV2RJk\" width=\"600\" height=\"338\" frameborder=\"0\" marginwidth=\"0\" marginheight=\"0\" scrolling=\"no\"><\/iframe>\n<\/div><\/figure>\n\n\n\n<figure class=\"wp-block-embed is-type-wp-embed is-provider-la-plume-de-l-039-oiseau-lyre wp-block-embed-la-plume-de-l-039-oiseau-lyre\"><div class=\"wp-block-embed__wrapper\">\n<blockquote class=\"wp-embedded-content\" data-secret=\"j39j5iykVM\"><a href=\"https:\/\/laplumedeloiseaulyre.com\/?page_id=8774\">Jardins de Morph\u00e9e (s\u00e9rie du domaine myst\u00e9rieux des songes\/2018-en cours)  \u00a0<\/a><\/blockquote><iframe class=\"wp-embedded-content\" sandbox=\"allow-scripts\" security=\"restricted\" style=\"position: absolute; clip: rect(1px, 1px, 1px, 1px);\" title=\"&laquo;&nbsp;Jardins de Morph\u00e9e (s\u00e9rie du domaine myst\u00e9rieux des songes\/2018-en cours)  \u00a0&nbsp;&raquo; &#8212; La Plume de l&#039;Oiseau-Lyre\" src=\"https:\/\/laplumedeloiseaulyre.com\/?page_id=8774&#038;embed=true#?secret=j39j5iykVM\" data-secret=\"j39j5iykVM\" width=\"600\" height=\"338\" frameborder=\"0\" marginwidth=\"0\" marginheight=\"0\" scrolling=\"no\"><\/iframe>\n<\/div><\/figure>\n\n\n\n<figure class=\"wp-block-embed is-type-wp-embed is-provider-la-plume-de-l-039-oiseau-lyre wp-block-embed-la-plume-de-l-039-oiseau-lyre\"><div class=\"wp-block-embed__wrapper\">\n<blockquote class=\"wp-embedded-content\" data-secret=\"HnNPYcKvf0\"><a href=\"https:\/\/laplumedeloiseaulyre.com\/?page_id=8743\">Feuillages philosophiques (s\u00e9rie de feuilles paradoxales &#8211; 2018 &#8211; en cours)<\/a><\/blockquote><iframe class=\"wp-embedded-content\" sandbox=\"allow-scripts\" security=\"restricted\" style=\"position: absolute; clip: rect(1px, 1px, 1px, 1px);\" title=\"&laquo;&nbsp;Feuillages philosophiques (s\u00e9rie de feuilles paradoxales &#8211; 2018 &#8211; en cours)&nbsp;&raquo; &#8212; La Plume de l&#039;Oiseau-Lyre\" src=\"https:\/\/laplumedeloiseaulyre.com\/?page_id=8743&#038;embed=true#?secret=HnNPYcKvf0\" data-secret=\"HnNPYcKvf0\" width=\"600\" height=\"338\" frameborder=\"0\" marginwidth=\"0\" marginheight=\"0\" scrolling=\"no\"><\/iframe>\n<\/div><\/figure>\n\n\n\n<figure class=\"wp-block-embed is-type-wp-embed is-provider-la-plume-de-l-039-oiseau-lyre wp-block-embed-la-plume-de-l-039-oiseau-lyre\"><div class=\"wp-block-embed__wrapper\">\n<blockquote class=\"wp-embedded-content\" data-secret=\"FuDFO947Pw\"><a href=\"https:\/\/laplumedeloiseaulyre.com\/?page_id=13418\">Solsequium, les ors bleus &#8211; (2020\/en cours)<\/a><\/blockquote><iframe class=\"wp-embedded-content\" sandbox=\"allow-scripts\" security=\"restricted\" style=\"position: absolute; clip: rect(1px, 1px, 1px, 1px);\" title=\"&laquo;&nbsp;Solsequium, les ors bleus &#8211; (2020\/en cours)&nbsp;&raquo; &#8212; La Plume de l&#039;Oiseau-Lyre\" src=\"https:\/\/laplumedeloiseaulyre.com\/?page_id=13418&#038;embed=true#?secret=FuDFO947Pw\" data-secret=\"FuDFO947Pw\" width=\"600\" height=\"338\" frameborder=\"0\" marginwidth=\"0\" marginheight=\"0\" scrolling=\"no\"><\/iframe>\n<\/div><\/figure>\n\n\n\n<figure class=\"wp-block-embed is-type-wp-embed is-provider-la-plume-de-l-039-oiseau-lyre wp-block-embed-la-plume-de-l-039-oiseau-lyre\"><div class=\"wp-block-embed__wrapper\">\n<blockquote class=\"wp-embedded-content\" data-secret=\"IvsBkzEpr7\"><a href=\"https:\/\/laplumedeloiseaulyre.com\/?page_id=13969\">Enracin\u00e9e (2021-en cours)<\/a><\/blockquote><iframe class=\"wp-embedded-content\" sandbox=\"allow-scripts\" security=\"restricted\" style=\"position: absolute; clip: rect(1px, 1px, 1px, 1px);\" title=\"&laquo;&nbsp;Enracin\u00e9e (2021-en cours)&nbsp;&raquo; &#8212; La Plume de l&#039;Oiseau-Lyre\" src=\"https:\/\/laplumedeloiseaulyre.com\/?page_id=13969&#038;embed=true#?secret=IvsBkzEpr7\" data-secret=\"IvsBkzEpr7\" width=\"600\" height=\"338\" frameborder=\"0\" marginwidth=\"0\" marginheight=\"0\" scrolling=\"no\"><\/iframe>\n<\/div><\/figure>\n\n\n\n<figure class=\"wp-block-embed is-type-wp-embed is-provider-la-plume-de-l-039-oiseau-lyre wp-block-embed-la-plume-de-l-039-oiseau-lyre\"><div class=\"wp-block-embed__wrapper\">\n<blockquote class=\"wp-embedded-content\" data-secret=\"vpcjwvdoLe\"><a href=\"https:\/\/laplumedeloiseaulyre.com\/?page_id=8639\">Variation de Plumes (s\u00e9rie de plumes envol\u00e9es &#8211; 2018 &#8211; en cours)<\/a><\/blockquote><iframe class=\"wp-embedded-content\" sandbox=\"allow-scripts\" security=\"restricted\" style=\"position: absolute; clip: rect(1px, 1px, 1px, 1px);\" title=\"&laquo;&nbsp;Variation de Plumes (s\u00e9rie de plumes envol\u00e9es &#8211; 2018 &#8211; en cours)&nbsp;&raquo; &#8212; La Plume de l&#039;Oiseau-Lyre\" src=\"https:\/\/laplumedeloiseaulyre.com\/?page_id=8639&#038;embed=true#?secret=vpcjwvdoLe\" data-secret=\"vpcjwvdoLe\" width=\"600\" height=\"338\" frameborder=\"0\" marginwidth=\"0\" marginheight=\"0\" scrolling=\"no\"><\/iframe>\n<\/div><\/figure>\n\n\n\n<figure class=\"wp-block-embed is-type-wp-embed is-provider-la-plume-de-l-039-oiseau-lyre wp-block-embed-la-plume-de-l-039-oiseau-lyre\"><div class=\"wp-block-embed__wrapper\">\n<blockquote class=\"wp-embedded-content\" data-secret=\"sgRjBlsLYf\"><a href=\"https:\/\/laplumedeloiseaulyre.com\/?page_id=10247\">\u00c0 la Cour d&rsquo;Outremer (s\u00e9rie d&rsquo;ornements pour la reine d&rsquo;un jardin imaginaire &#8211; 2019\/en cours)<\/a><\/blockquote><iframe class=\"wp-embedded-content\" sandbox=\"allow-scripts\" security=\"restricted\" style=\"position: absolute; clip: rect(1px, 1px, 1px, 1px);\" title=\"&laquo;&nbsp;\u00c0 la Cour d&rsquo;Outremer (s\u00e9rie d&rsquo;ornements pour la reine d&rsquo;un jardin imaginaire &#8211; 2019\/en cours)&nbsp;&raquo; &#8212; La Plume de l&#039;Oiseau-Lyre\" src=\"https:\/\/laplumedeloiseaulyre.com\/?page_id=10247&#038;embed=true#?secret=sgRjBlsLYf\" data-secret=\"sgRjBlsLYf\" width=\"600\" height=\"338\" frameborder=\"0\" marginwidth=\"0\" marginheight=\"0\" scrolling=\"no\"><\/iframe>\n<\/div><\/figure>\n\n\n\n<figure class=\"wp-block-embed is-type-wp-embed is-provider-la-plume-de-l-039-oiseau-lyre wp-block-embed-la-plume-de-l-039-oiseau-lyre\"><div class=\"wp-block-embed__wrapper\">\n<blockquote class=\"wp-embedded-content\" data-secret=\"CfXigOQ7hA\"><a href=\"https:\/\/laplumedeloiseaulyre.com\/?page_id=9760\">La Chambre Bleue (s\u00e9rie de papiers-peints imaginaires\u00a0&#8211; 2019)<\/a><\/blockquote><iframe class=\"wp-embedded-content\" sandbox=\"allow-scripts\" security=\"restricted\" style=\"position: absolute; clip: rect(1px, 1px, 1px, 1px);\" title=\"&laquo;&nbsp;La Chambre Bleue (s\u00e9rie de papiers-peints imaginaires\u00a0&#8211; 2019)&nbsp;&raquo; &#8212; La Plume de l&#039;Oiseau-Lyre\" src=\"https:\/\/laplumedeloiseaulyre.com\/?page_id=9760&#038;embed=true#?secret=CfXigOQ7hA\" data-secret=\"CfXigOQ7hA\" width=\"600\" height=\"338\" frameborder=\"0\" marginwidth=\"0\" marginheight=\"0\" scrolling=\"no\"><\/iframe>\n<\/div><\/figure>\n","protected":false},"excerpt":{"rendered":"<p>Vous voulez acqu\u00e9rir un\/des cyanotype(s) ? Soyez tout d&rsquo;abord remerci\u00e9(e) d&rsquo;\u00eatre sensible \u00e0 ce travail artistique ! Sachez qu&rsquo;il existe deux fa\u00e7ons d&rsquo;acqu\u00e9rir des cyanotypes : Aupr\u00e8s de la Librairie Alain Brieux qui pr\u00e9sente de fa\u00e7on permanente une s\u00e9lection d&rsquo;oeuvres&hellip;<\/p>\n<p class=\"more-link-p\"><a class=\"more-link\" href=\"http:\/\/laplumedeloiseaulyre.com\/?page_id=11823\">Read more &rarr;<\/a><\/p>\n","protected":false},"author":1,"featured_media":15179,"parent":0,"menu_order":0,"comment_status":"closed","ping_status":"closed","template":"","meta":{"spay_email":""},"jetpack_shortlink":"https:\/\/wp.me\/P4lzfC-34H","_links":{"self":[{"href":"http:\/\/laplumedeloiseaulyre.com\/index.php?rest_route=\/wp\/v2\/pages\/11823"}],"collection":[{"href":"http:\/\/laplumedeloiseaulyre.com\/index.php?rest_route=\/wp\/v2\/pages"}],"about":[{"href":"http:\/\/laplumedeloiseaulyre.com\/index.php?rest_route=\/wp\/v2\/types\/page"}],"author":[{"embeddable":true,"href":"http:\/\/laplumedeloiseaulyre.com\/index.php?rest_route=\/wp\/v2\/users\/1"}],"replies":[{"embeddable":true,"href":"http:\/\/laplumedeloiseaulyre.com\/index.php?rest_route=%2Fwp%2Fv2%2Fcomments&post=11823"}],"version-history":[{"count":24,"href":"http:\/\/laplumedeloiseaulyre.com\/index.php?rest_route=\/wp\/v2\/pages\/11823\/revisions"}],"predecessor-version":[{"id":17184,"href":"http:\/\/laplumedeloiseaulyre.com\/index.php?rest_route=\/wp\/v2\/pages\/11823\/revisions\/17184"}],"wp:featuredmedia":[{"embeddable":true,"href":"http:\/\/laplumedeloiseaulyre.com\/index.php?rest_route=\/wp\/v2\/media\/15179"}],"wp:attachment":[{"href":"http:\/\/laplumedeloiseaulyre.com\/index.php?rest_route=%2Fwp%2Fv2%2Fmedia&parent=11823"}],"curies":[{"name":"wp","href":"https:\/\/api.w.org\/{rel}","templated":true}]}}