{"id":10894,"date":"2020-08-02T13:45:51","date_gmt":"2020-08-02T13:45:51","guid":{"rendered":"http:\/\/laplumedeloiseaulyre.com\/?page_id=10894"},"modified":"2020-08-02T14:14:57","modified_gmt":"2020-08-02T14:14:57","slug":"alguier-en-cartes-postales-2020","status":"publish","type":"page","link":"http:\/\/laplumedeloiseaulyre.com\/?page_id=10894","title":{"rendered":"Cartes postales (2020)"},"content":{"rendered":"<p><img loading=\"lazy\" class=\"aligncenter wp-image-10901 size-full\" src=\"https:\/\/i0.wp.com\/laplumedeloiseaulyre.com\/wp-content\/uploads\/2020\/08\/Algae.jpg?resize=860%2C860\" width=\"860\" height=\"860\" srcset=\"https:\/\/i0.wp.com\/laplumedeloiseaulyre.com\/wp-content\/uploads\/2020\/08\/Algae.jpg?w=2949 2949w, https:\/\/i0.wp.com\/laplumedeloiseaulyre.com\/wp-content\/uploads\/2020\/08\/Algae.jpg?resize=150%2C150 150w, https:\/\/i0.wp.com\/laplumedeloiseaulyre.com\/wp-content\/uploads\/2020\/08\/Algae.jpg?resize=300%2C300 300w, https:\/\/i0.wp.com\/laplumedeloiseaulyre.com\/wp-content\/uploads\/2020\/08\/Algae.jpg?resize=768%2C768 768w, https:\/\/i0.wp.com\/laplumedeloiseaulyre.com\/wp-content\/uploads\/2020\/08\/Algae.jpg?resize=1024%2C1024 1024w, https:\/\/i0.wp.com\/laplumedeloiseaulyre.com\/wp-content\/uploads\/2020\/08\/Algae.jpg?resize=560%2C560 560w, https:\/\/i0.wp.com\/laplumedeloiseaulyre.com\/wp-content\/uploads\/2020\/08\/Algae.jpg?resize=160%2C160 160w, https:\/\/i0.wp.com\/laplumedeloiseaulyre.com\/wp-content\/uploads\/2020\/08\/Algae.jpg?w=1720 1720w, https:\/\/i0.wp.com\/laplumedeloiseaulyre.com\/wp-content\/uploads\/2020\/08\/Algae.jpg?w=2580 2580w\" sizes=\"(max-width: 860px) 100vw, 860px\" data-recalc-dims=\"1\" \/><\/p>\n<p>&nbsp;<\/p>\n<p style=\"text-align: justify;\">GLSG a effectu\u00e9 ces cartes postales en cyanotypes sur-mesure \u00e0 partir d&rsquo;algues de la c\u00f4te Bretonne issues de son alguier pour une commande particuli\u00e8re de papeterie de courtoisie.<\/p>\n","protected":false},"excerpt":{"rendered":"<p>&nbsp; GLSG a effectu\u00e9 ces cartes postales en cyanotypes sur-mesure \u00e0 partir d&rsquo;algues de la c\u00f4te Bretonne issues de son alguier pour une commande particuli\u00e8re de papeterie de courtoisie.<\/p>\n<p class=\"more-link-p\"><a class=\"more-link\" href=\"http:\/\/laplumedeloiseaulyre.com\/?page_id=10894\">Read more &rarr;<\/a><\/p>\n","protected":false},"author":1,"featured_media":0,"parent":0,"menu_order":0,"comment_status":"closed","ping_status":"closed","template":"","meta":{"spay_email":""},"jetpack_shortlink":"https:\/\/wp.me\/P4lzfC-2PI","_links":{"self":[{"href":"http:\/\/laplumedeloiseaulyre.com\/index.php?rest_route=\/wp\/v2\/pages\/10894"}],"collection":[{"href":"http:\/\/laplumedeloiseaulyre.com\/index.php?rest_route=\/wp\/v2\/pages"}],"about":[{"href":"http:\/\/laplumedeloiseaulyre.com\/index.php?rest_route=\/wp\/v2\/types\/page"}],"author":[{"embeddable":true,"href":"http:\/\/laplumedeloiseaulyre.com\/index.php?rest_route=\/wp\/v2\/users\/1"}],"replies":[{"embeddable":true,"href":"http:\/\/laplumedeloiseaulyre.com\/index.php?rest_route=%2Fwp%2Fv2%2Fcomments&post=10894"}],"version-history":[{"count":5,"href":"http:\/\/laplumedeloiseaulyre.com\/index.php?rest_route=\/wp\/v2\/pages\/10894\/revisions"}],"predecessor-version":[{"id":10903,"href":"http:\/\/laplumedeloiseaulyre.com\/index.php?rest_route=\/wp\/v2\/pages\/10894\/revisions\/10903"}],"wp:attachment":[{"href":"http:\/\/laplumedeloiseaulyre.com\/index.php?rest_route=%2Fwp%2Fv2%2Fmedia&parent=10894"}],"curies":[{"name":"wp","href":"https:\/\/api.w.org\/{rel}","templated":true}]}}